000
CDUS41 KALY 040629
CLIPSF


CLIMATE REPORT
NATIONAL WEATHER SERVICE ALBANY NY
227 AM EDT MON MAY 4 2015


...................................

...THE PITTSFIELD MA CLIMATE SUMMARY FOR MAY 3 2015...

CLIMATE NORMAL PERIOD 1981 TO 2010
CLIMATE RECORD PERIOD 9999 TO 9999


WEATHER ITEM   OBSERVED TIME   NORMAL DEPARTURE LAST
                VALUE   (LST)  VALUE  FROM      YEAR
                                      NORMAL
......................................................
TEMPERATURE (F)
 YESTERDAY
  MAXIMUM         75    259 PM  62     13       63
  MINIMUM         41    522 AM  40      1       44
  AVERAGE         58            51      7       54

PRECIPITATION (IN)
  YESTERDAY        0.00          0.11  -0.11     0.02
  MONTH TO DATE    0.00          0.32  -0.32     0.44
  SINCE MAR 1      4.47          7.55  -3.08     7.01
  SINCE JAN 1      9.56         13.15  -3.59    13.39

DEGREE DAYS
 HEATING
  YESTERDAY        7            14     -7       11
  MONTH TO DATE   34            44    -10       34
  SINCE MAR 1   1863          1699    164     1898
  SINCE JUL 1   7526          7079    447     7450

 COOLING
  YESTERDAY        0             0      0        0
  MONTH TO DATE    0             0      0        0
  SINCE MAR 1      0             2     -2        1
  SINCE JAN 1      0             2     -2        1
......................................................


WIND (MPH)
  HIGHEST WIND SPEED    17   HIGHEST WIND DIRECTION    NW (300)
  HIGHEST GUST SPEED    23   HIGHEST GUST DIRECTION     W (290)
  AVERAGE WIND SPEED     5.1


SKY COVER
  AVERAGE SKY COVER 0.1



RELATIVE HUMIDITY (PERCENT)
 HIGHEST    89
 LOWEST     27
 AVERAGE    58

..........................................................


THE PITTSFIELD MA CLIMATE NORMALS FOR TODAY
                         NORMAL
 MAXIMUM TEMPERATURE (F)   63
 MINIMUM TEMPERATURE (F)   40


SUNRISE AND SUNSET
MAY  4 2015...........SUNRISE   545 AM EDT   SUNSET   756 PM EDT
MAY  5 2015...........SUNRISE   543 AM EDT   SUNSET   757 PM EDT


-  INDICATES NEGATIVE NUMBERS.
R  INDICATES RECORD WAS SET OR TIED.
MM INDICATES DATA IS MISSING.
T  INDICATES TRACE AMOUNT.




$$
