000
CDUS41 KALY 030624
CLIPSF


CLIMATE REPORT
NATIONAL WEATHER SERVICE ALBANY NY
223 AM EDT SUN MAY 3 2015


...................................

...THE PITTSFIELD MA CLIMATE SUMMARY FOR MAY 2 2015...

CLIMATE NORMAL PERIOD 1981 TO 2010
CLIMATE RECORD PERIOD 9999 TO 9999


WEATHER ITEM   OBSERVED TIME   NORMAL DEPARTURE LAST
                VALUE   (LST)  VALUE  FROM      YEAR
                                      NORMAL
......................................................
TEMPERATURE (F)
 YESTERDAY
  MAXIMUM         70    535 PM  62      8       60
  MINIMUM         37    528 AM  39     -2       41
  AVERAGE         54            51      3       51

PRECIPITATION (IN)
  YESTERDAY        0.00          0.11  -0.11      T
  MONTH TO DATE    0.00          0.21  -0.21     0.42
  SINCE MAR 1      4.47          7.44  -2.97     6.99
  SINCE JAN 1      9.56         13.04  -3.48    13.37

DEGREE DAYS
 HEATING
  YESTERDAY       11            15     -4       14
  MONTH TO DATE   27            30     -3       23
  SINCE MAR 1   1856          1685    171     1887
  SINCE JUL 1   7519          7065    454     7439

 COOLING
  YESTERDAY        0             0      0        0
  MONTH TO DATE    0             0      0        0
  SINCE MAR 1      0             2     -2        1
  SINCE JAN 1      0             2     -2        1
......................................................


WIND (MPH)
  HIGHEST WIND SPEED    13   HIGHEST WIND DIRECTION     W (280)
  HIGHEST GUST SPEED    18   HIGHEST GUST DIRECTION     W (290)
  AVERAGE WIND SPEED     3.5


SKY COVER
  AVERAGE SKY COVER 0.6



RELATIVE HUMIDITY (PERCENT)
 HIGHEST   100
 LOWEST     26
 AVERAGE    63

..........................................................


THE PITTSFIELD MA CLIMATE NORMALS FOR TODAY
                         NORMAL
 MAXIMUM TEMPERATURE (F)   62
 MINIMUM TEMPERATURE (F)   40


SUNRISE AND SUNSET
MAY  3 2015...........SUNRISE   546 AM EDT   SUNSET   755 PM EDT
MAY  4 2015...........SUNRISE   545 AM EDT   SUNSET   756 PM EDT


-  INDICATES NEGATIVE NUMBERS.
R  INDICATES RECORD WAS SET OR TIED.
MM INDICATES DATA IS MISSING.
T  INDICATES TRACE AMOUNT.




$$
