000
CDUS41 KALY 270638
CLIPSF


CLIMATE REPORT
NATIONAL WEATHER SERVICE ALBANY NY
237 AM EDT MON APR 27 2015


...................................

...THE PITTSFIELD MA CLIMATE SUMMARY FOR APRIL 26 2015...

CLIMATE NORMAL PERIOD 1981 TO 2010
CLIMATE RECORD PERIOD 9999 TO 9999


WEATHER ITEM   OBSERVED TIME   NORMAL DEPARTURE LAST
                VALUE   (LST)  VALUE  FROM      YEAR
                                      NORMAL
......................................................
TEMPERATURE (F)
 YESTERDAY
  MAXIMUM         52    255 PM  59     -7       54
  MINIMUM         32   1252 AM  38     -6       38
  AVERAGE         42            48     -6       46

PRECIPITATION (IN)
  YESTERDAY        0.00          0.10  -0.10     0.54
  MONTH TO DATE    2.90          3.45  -0.55     2.38
  SINCE MAR 1      4.47          6.82  -2.35     5.51
  SINCE JAN 1      9.56         12.42  -2.86    11.89

DEGREE DAYS
 HEATING
  YESTERDAY       23            17      6       19
  MONTH TO DATE  571           565      6      543
  SINCE MAR 1   1772          1592    180     1774
  SINCE JUL 1   7435          6972    463     7326

 COOLING
  YESTERDAY        0             0      0        0
  MONTH TO DATE    0             0      0        1
  SINCE MAR 1      0             0      0        1
  SINCE JAN 1      0             0      0        1
......................................................


WIND (MPH)
  HIGHEST WIND SPEED    17   HIGHEST WIND DIRECTION     W (290)
  HIGHEST GUST SPEED    23   HIGHEST GUST DIRECTION     W (290)
  AVERAGE WIND SPEED     6.3


SKY COVER
  AVERAGE SKY COVER 0.9



RELATIVE HUMIDITY (PERCENT)
 HIGHEST    82
 LOWEST     41
 AVERAGE    62

..........................................................


THE PITTSFIELD MA CLIMATE NORMALS FOR TODAY
                         NORMAL
 MAXIMUM TEMPERATURE (F)   60
 MINIMUM TEMPERATURE (F)   38


SUNRISE AND SUNSET
APRIL 27 2015.........SUNRISE   554 AM EDT   SUNSET   748 PM EDT
APRIL 28 2015.........SUNRISE   553 AM EDT   SUNSET   749 PM EDT


-  INDICATES NEGATIVE NUMBERS.
R  INDICATES RECORD WAS SET OR TIED.
MM INDICATES DATA IS MISSING.
T  INDICATES TRACE AMOUNT.




$$
