000
CDUS41 KALY 080626
CLIPSF


CLIMATE REPORT
NATIONAL WEATHER SERVICE ALBANY NY
226 AM EDT WED APR 8 2015


...................................

...THE PITTSFIELD MA CLIMATE SUMMARY FOR APRIL 7 2015...

CLIMATE NORMAL PERIOD 1981 TO 2010
CLIMATE RECORD PERIOD 9999 TO 9999


WEATHER ITEM   OBSERVED TIME   NORMAL DEPARTURE LAST
                VALUE   (LST)  VALUE  FROM      YEAR
                                      NORMAL
......................................................
TEMPERATURE (F)
 YESTERDAY
  MAXIMUM         45   1218 PM  51     -6       54
  MINIMUM         37   1138 PM  30      7       27
  AVERAGE         41            41      0       41

PRECIPITATION (IN)
  YESTERDAY        0.06          0.15  -0.09     0.02
  MONTH TO DATE    0.33          1.13  -0.80     0.13
  SINCE MAR 1      1.90          4.50  -2.60     3.26
  SINCE JAN 1      6.99         10.10  -3.11     9.64

DEGREE DAYS
 HEATING
  YESTERDAY       24            24      0       24
  MONTH TO DATE  178           180     -2      177
  SINCE MAR 1   1379          1207    172     1408
  SINCE JUL 1   7042          6587    455     6960

 COOLING
  YESTERDAY        0             0      0        0
  MONTH TO DATE    0             0      0        0
  SINCE MAR 1      0             0      0        0
  SINCE JAN 1      0             0      0        0
......................................................


WIND (MPH)
  HIGHEST WIND SPEED     9   HIGHEST WIND DIRECTION    NE (50)
  HIGHEST GUST SPEED    11   HIGHEST GUST DIRECTION    NE (50)
  AVERAGE WIND SPEED     1.8


SKY COVER
  AVERAGE SKY COVER 1.0



RELATIVE HUMIDITY (PERCENT)
 HIGHEST   100
 LOWEST     70
 AVERAGE    85

..........................................................


THE PITTSFIELD MA CLIMATE NORMALS FOR TODAY
                         NORMAL
 MAXIMUM TEMPERATURE (F)   51
 MINIMUM TEMPERATURE (F)   31


SUNRISE AND SUNSET
APRIL  8 2015.........SUNRISE   624 AM EDT   SUNSET   727 PM EDT
APRIL  9 2015.........SUNRISE   623 AM EDT   SUNSET   728 PM EDT


-  INDICATES NEGATIVE NUMBERS.
R  INDICATES RECORD WAS SET OR TIED.
MM INDICATES DATA IS MISSING.
T  INDICATES TRACE AMOUNT.




$$
