000
CDUS41 KALY 110623
CLIPSF


CLIMATE REPORT
NATIONAL WEATHER SERVICE ALBANY NY
223 AM EDT SAT APR 11 2015


...................................

...THE PITTSFIELD MA CLIMATE SUMMARY FOR APRIL 10 2015...

CLIMATE NORMAL PERIOD 1981 TO 2010
CLIMATE RECORD PERIOD 9999 TO 9999


WEATHER ITEM   OBSERVED TIME   NORMAL DEPARTURE LAST
                VALUE   (LST)  VALUE  FROM      YEAR
                                      NORMAL
......................................................
TEMPERATURE (F)
 YESTERDAY
  MAXIMUM         53    503 PM  52      1       60
  MINIMUM         33   1254 AM  32      1       23
  AVERAGE         43            42      1       42

PRECIPITATION (IN)
  YESTERDAY        0.35          0.16   0.19     0.00
  MONTH TO DATE    1.11          1.60  -0.49     0.28
  SINCE MAR 1      2.68          4.97  -2.29     3.41
  SINCE JAN 1      7.77         10.57  -2.80     9.79

DEGREE DAYS
 HEATING
  YESTERDAY       22            23     -1       23
  MONTH TO DATE  261           251     10      239
  SINCE MAR 1   1462          1278    184     1470
  SINCE JUL 1   7125          6658    467     7022

 COOLING
  YESTERDAY        0             0      0        0
  MONTH TO DATE    0             0      0        0
  SINCE MAR 1      0             0      0        0
  SINCE JAN 1      0             0      0        0
......................................................


WIND (MPH)
  HIGHEST WIND SPEED    18   HIGHEST WIND DIRECTION    SW (230)
  HIGHEST GUST SPEED    26   HIGHEST GUST DIRECTION    SW (210)
  AVERAGE WIND SPEED     8.1


SKY COVER
  AVERAGE SKY COVER 0.9



RELATIVE HUMIDITY (PERCENT)
 HIGHEST   100
 LOWEST     83
 AVERAGE    92

..........................................................


THE PITTSFIELD MA CLIMATE NORMALS FOR TODAY
                         NORMAL
 MAXIMUM TEMPERATURE (F)   53
 MINIMUM TEMPERATURE (F)   32


SUNRISE AND SUNSET
APRIL 11 2015.........SUNRISE   619 AM EDT   SUNSET   730 PM EDT
APRIL 12 2015.........SUNRISE   618 AM EDT   SUNSET   731 PM EDT


-  INDICATES NEGATIVE NUMBERS.
R  INDICATES RECORD WAS SET OR TIED.
MM INDICATES DATA IS MISSING.
T  INDICATES TRACE AMOUNT.




$$
