000
CDUS41 KALY 140622
CLIPSF


CLIMATE REPORT
NATIONAL WEATHER SERVICE ALBANY NY
222 AM EDT TUE APR 14 2015


...................................

...THE PITTSFIELD MA CLIMATE SUMMARY FOR APRIL 13 2015...

CLIMATE NORMAL PERIOD 1981 TO 2010
CLIMATE RECORD PERIOD 9999 TO 9999


WEATHER ITEM   OBSERVED TIME   NORMAL DEPARTURE LAST
                VALUE   (LST)  VALUE  FROM      YEAR
                                      NORMAL
......................................................
TEMPERATURE (F)
 YESTERDAY
  MAXIMUM         70    236 PM  54     16       74
  MINIMUM         30    544 AM  33     -3       36
  AVERAGE         50            43      7       55

PRECIPITATION (IN)
  YESTERDAY        0.00          0.13  -0.13     0.01
  MONTH TO DATE    1.11          2.04  -0.93     0.53
  SINCE MAR 1      2.68          5.41  -2.73     3.66
  SINCE JAN 1      7.77         11.01  -3.24    10.04

DEGREE DAYS
 HEATING
  YESTERDAY       15            22     -7       10
  MONTH TO DATE  318           318      0      278
  SINCE MAR 1   1519          1345    174     1509
  SINCE JUL 1   7182          6725    457     7061

 COOLING
  YESTERDAY        0             0      0        0
  MONTH TO DATE    0             0      0        0
  SINCE MAR 1      0             0      0        0
  SINCE JAN 1      0             0      0        0
......................................................


WIND (MPH)
  HIGHEST WIND SPEED    21   HIGHEST WIND DIRECTION     S (180)
  HIGHEST GUST SPEED    28   HIGHEST GUST DIRECTION     S (190)
  AVERAGE WIND SPEED     7.6


SKY COVER
  AVERAGE SKY COVER 0.0



RELATIVE HUMIDITY (PERCENT)
 HIGHEST    92
 LOWEST     31
 AVERAGE    62

..........................................................


THE PITTSFIELD MA CLIMATE NORMALS FOR TODAY
                         NORMAL
 MAXIMUM TEMPERATURE (F)   54
 MINIMUM TEMPERATURE (F)   33


SUNRISE AND SUNSET
APRIL 14 2015.........SUNRISE   614 AM EDT   SUNSET   733 PM EDT
APRIL 15 2015.........SUNRISE   613 AM EDT   SUNSET   735 PM EDT


-  INDICATES NEGATIVE NUMBERS.
R  INDICATES RECORD WAS SET OR TIED.
MM INDICATES DATA IS MISSING.
T  INDICATES TRACE AMOUNT.




$$
