000
CDUS41 KBOX 240546
CLIPVD


CLIMATE REPORT
NATIONAL WEATHER SERVICE TAUNTON MA
143 AM EDT FRI APR 24 2015


...................................

...THE PROVIDENCE RI CLIMATE SUMMARY FOR APRIL 23 2015...

CLIMATE NORMAL PERIOD 1981 TO 2010
CLIMATE RECORD PERIOD 1904 TO 2015


WEATHER ITEM   OBSERVED TIME   RECORD YEAR NORMAL DEPARTURE LAST
                VALUE   (LST)  VALUE       VALUE  FROM      YEAR
                                                  NORMAL
..................................................................
TEMPERATURE (F)
 YESTERDAY
  MAXIMUM         50   1112 AM  85    1908  61    -11       56
  MINIMUM         37   1141 PM  28    1989  42     -5       47
                                      1933
  AVERAGE         44                        52     -8       52

PRECIPITATION (IN)
  YESTERDAY        0.00          1.60 2012   0.13  -0.13     0.59
  MONTH TO DATE    2.45                      3.45  -1.00     4.00
  SINCE MAR 1      6.85                      8.46  -1.61    10.98
  SINCE JAN 1     13.20                     15.61  -2.41    19.38

SNOWFALL (IN)
  YESTERDAY        0.0           T    1986   0.0    0.0      0.0
  MONTH TO DATE    T                         0.6   -0.6      0.3
  SINCE MAR 1     16.3                       6.1   10.2      1.5
  SINCE JUL 1     76.2                      33.8   42.4     43.6
  SNOW DEPTH       0

DEGREE DAYS
 HEATING
  YESTERDAY       21                        13      8       13
  MONTH TO DATE  372                       393    -21      369
  SINCE MAR 1   1364                      1202    162     1323
  SINCE JUL 1   5726                      5264    462     5595

 COOLING
  YESTERDAY        0                         0      0        0
  MONTH TO DATE    0                         0      0        0
  SINCE MAR 1      0                         0      0        0
  SINCE JAN 1      0                         0      0        0
..................................................................


WIND (MPH)
  RESULTANT WIND SPEED  13   RESULTANT WIND DIRECTION   W (280)
  HIGHEST WIND SPEED    22   HIGHEST WIND DIRECTION     W (280)
  HIGHEST GUST SPEED    32   HIGHEST GUST DIRECTION     W (280)
  AVERAGE WIND SPEED    12.9


SKY COVER
  POSSIBLE SUNSHINE  MM
  AVERAGE SKY COVER 0.6


WEATHER CONDITIONS
 THE FOLLOWING WEATHER WAS RECORDED YESTERDAY.
  NO SIGNIFICANT WEATHER WAS OBSERVED.


RELATIVE HUMIDITY (PERCENT)
 HIGHEST    76          1200 AM
 LOWEST     31           400 PM
 AVERAGE    54

..........................................................


THE PROVIDENCE RI CLIMATE NORMALS FOR TODAY
                         NORMAL    RECORD    YEAR
 MAXIMUM TEMPERATURE (F)   62        78      2011
 MINIMUM TEMPERATURE (F)   42        27      1930


SUNRISE AND SUNSET
APRIL 24 2015.........SUNRISE   552 AM EDT   SUNSET   736 PM EDT
APRIL 25 2015.........SUNRISE   551 AM EDT   SUNSET   737 PM EDT


-  INDICATES NEGATIVE NUMBERS.
R  INDICATES RECORD WAS SET OR TIED.
MM INDICATES DATA IS MISSING.
T  INDICATES TRACE AMOUNT.




$$
