000
CDUS41 KBOX 152133
CLIPVD


CLIMATE REPORT
NATIONAL WEATHER SERVICE TAUNTON MA
531 PM EDT WED APR 15 2015


...................................

...THE PROVIDENCE RI CLIMATE SUMMARY FOR APRIL 15 2015...
VALID TODAY AS OF 0500 PM LOCAL TIME.

CLIMATE NORMAL PERIOD 1981 TO 2010
CLIMATE RECORD PERIOD 1904 TO 2015


WEATHER ITEM   OBSERVED TIME   RECORD YEAR NORMAL DEPARTURE LAST
                VALUE   (LST)  VALUE       VALUE  FROM      YEAR
                                                  NORMAL
..................................................................
TEMPERATURE (F)
 TODAY
  MAXIMUM         70    255 PM  82    1938  59     11       66
  MINIMUM         50    553 AM  27    1923  40     10       39
  AVERAGE         60                        49     11       53

PRECIPITATION (IN)
  TODAY            0.00          2.90 2007   0.14  -0.14     1.53
  MONTH TO DATE    1.13                      2.37  -1.24     2.96
  SINCE MAR 1      5.53                      7.38  -1.85     9.94
  SINCE JAN 1     11.88                     14.53  -2.65    18.34

SNOWFALL (IN)
  TODAY            0.0           T    2007   0.0    0.0      0.0
                                      1916
  MONTH TO DATE    T                         0.5   -0.5      0.0
  SINCE MAR 1     16.3                       6.0   10.3      1.2
  SINCE JUL 1     76.2                      33.7   42.5     43.3
  SNOW DEPTH       0

DEGREE DAYS
 HEATING
  TODAY            5                        16    -11       12
  MONTH TO DATE  274                       277     -3      221
  SINCE MAR 1   1266                      1086    180     1175
  SINCE JUL 1   5628                      5148    480     5447

 COOLING
  TODAY            0                         0      0        0
  MONTH TO DATE    0                         0      0        0
  SINCE MAR 1      0                         0      0        0
  SINCE JAN 1      0                         0      0        0
..................................................................


WIND (MPH)
  HIGHEST WIND SPEED    22   HIGHEST WIND DIRECTION    NW (320)
  HIGHEST GUST SPEED    29   HIGHEST GUST DIRECTION    NW (330)
  AVERAGE WIND SPEED    10.4


SKY COVER
  POSSIBLE SUNSHINE  MM
  AVERAGE SKY COVER 0.2


WEATHER CONDITIONS
 THE FOLLOWING WEATHER WAS RECORDED TODAY.
  NO SIGNIFICANT WEATHER WAS OBSERVED.


RELATIVE HUMIDITY (PERCENT)
 HIGHEST    63          1200 AM
 LOWEST     12           200 PM
 AVERAGE    38

..........................................................


THE PROVIDENCE RI CLIMATE NORMALS FOR TOMORROW
                         NORMAL    RECORD    YEAR
 MAXIMUM TEMPERATURE (F)   59        88      2003
 MINIMUM TEMPERATURE (F)   40        27      1943


SUNRISE AND SUNSET
APRIL 15 2015.........SUNRISE   606 AM EDT   SUNSET   726 PM EDT
APRIL 16 2015.........SUNRISE   605 AM EDT   SUNSET   727 PM EDT


-  INDICATES NEGATIVE NUMBERS.
R  INDICATES RECORD WAS SET OR TIED.
MM INDICATES DATA IS MISSING.
T  INDICATES TRACE AMOUNT.




$$
