000
CDUS41 KBOX 132134
CLIPVD


CLIMATE REPORT
NATIONAL WEATHER SERVICE TAUNTON MA
534 PM EDT MON APR 13 2015


...................................

...THE PROVIDENCE RI CLIMATE SUMMARY FOR APRIL 13 2015...
VALID TODAY AS OF 0500 PM LOCAL TIME.

CLIMATE NORMAL PERIOD 1981 TO 2010
CLIMATE RECORD PERIOD 1904 TO 2015


WEATHER ITEM   OBSERVED TIME   RECORD YEAR NORMAL DEPARTURE LAST
                VALUE   (LST)  VALUE       VALUE  FROM      YEAR
                                                  NORMAL
..................................................................
TEMPERATURE (F)
 TODAY
  MAXIMUM         67    148 PM  85    1977  58      9       65
                                      1945
  MINIMUM         36    414 AM  26    1956  39     -3       42
  AVERAGE         52                        48      4       54

PRECIPITATION (IN)
  TODAY            0.00          2.27 2004   0.15  -0.15     0.00
  MONTH TO DATE    1.12                      2.08  -0.96     1.43
  SINCE MAR 1      5.52                      7.09  -1.57     8.41
  SINCE JAN 1     11.87                     14.24  -2.37    16.81

SNOWFALL (IN)
  TODAY            0.0           2.4  1907   0.0    0.0      0.0
  MONTH TO DATE    T                         0.4   -0.4      0.0
  SINCE MAR 1     16.3                       5.9   10.4      1.2
  SINCE JUL 1     76.2                      33.6   42.6     43.3
  SNOW DEPTH       0

DEGREE DAYS
 HEATING
  TODAY           13                        17     -4       11
  MONTH TO DATE  263                       245     18      209
  SINCE MAR 1   1255                      1054    201     1163
  SINCE JUL 1   5617                      5116    501     5435

 COOLING
  TODAY            0                         0      0        0
  MONTH TO DATE    0                         0      0        0
  SINCE MAR 1      0                         0      0        0
  SINCE JAN 1      0                         0      0        0
..................................................................


WIND (MPH)
  HIGHEST WIND SPEED    22   HIGHEST WIND DIRECTION     S (180)
  HIGHEST GUST SPEED    26   HIGHEST GUST DIRECTION     S (190)
  AVERAGE WIND SPEED     9.0


SKY COVER
  POSSIBLE SUNSHINE  MM
  AVERAGE SKY COVER 0.4


WEATHER CONDITIONS
 THE FOLLOWING WEATHER WAS RECORDED TODAY.
  HAZE


RELATIVE HUMIDITY (PERCENT)
 HIGHEST    79           600 AM
 LOWEST     23           400 PM
 AVERAGE    51

..........................................................


THE PROVIDENCE RI CLIMATE NORMALS FOR TOMORROW
                         NORMAL    RECORD    YEAR
 MAXIMUM TEMPERATURE (F)   58        83      1945
 MINIMUM TEMPERATURE (F)   39        26      1959


SUNRISE AND SUNSET
APRIL 13 2015.........SUNRISE   609 AM EDT   SUNSET   724 PM EDT
APRIL 14 2015.........SUNRISE   608 AM EDT   SUNSET   725 PM EDT


-  INDICATES NEGATIVE NUMBERS.
R  INDICATES RECORD WAS SET OR TIED.
MM INDICATES DATA IS MISSING.
T  INDICATES TRACE AMOUNT.




$$
