000
CDUS41 KBOX 010542
CLIPVD


CLIMATE REPORT
NATIONAL WEATHER SERVICE TAUNTON MA
138 AM EDT FRI MAY 1 2015


...................................

...THE PROVIDENCE RI CLIMATE SUMMARY FOR APRIL 30 2015...

CLIMATE NORMAL PERIOD 1981 TO 2010
CLIMATE RECORD PERIOD 1904 TO 2015


WEATHER ITEM   OBSERVED TIME   RECORD YEAR NORMAL DEPARTURE LAST
                VALUE   (LST)  VALUE       VALUE  FROM      YEAR
                                                  NORMAL
..................................................................
TEMPERATURE (F)
 YESTERDAY
  MAXIMUM         61    127 PM  88    1942  64     -3       47
  MINIMUM         41    355 AM  33    1992  44     -3       41
                                      1975
  AVERAGE         51                        54     -3       44

PRECIPITATION (IN)
  YESTERDAY        T             1.13 1991   0.13  -0.13     0.80
                                      1989
  MONTH TO DATE    2.51                      4.36  -1.85     5.17
  SINCE MAR 1      6.91                      9.37  -2.46    12.15
  SINCE JAN 1     13.26                     16.52  -3.26    20.55

SNOWFALL (IN)
  YESTERDAY        0.0           1.0  1909   0.0    0.0      0.0
  MONTH TO DATE    T                         0.6   -0.6      0.3
  SINCE MAR 1     16.3                       6.1   10.2      1.5
  SINCE JUL 1     76.2                      33.8   42.4     43.6
  SNOW DEPTH       0

DEGREE DAYS
 HEATING
  YESTERDAY       14                        11      3       21
  MONTH TO DATE  472                       479     -7      486
  SINCE MAR 1   1464                      1288    176     1440
  SINCE JUL 1   5826                      5350    476     5712

 COOLING
  YESTERDAY        0                         0      0        0
  MONTH TO DATE    0                         2     -2        0
  SINCE MAR 1      0                         2     -2        0
  SINCE JAN 1      0                         2     -2        0
..................................................................


WIND (MPH)
  RESULTANT WIND SPEED   3   RESULTANT WIND DIRECTION   E (90)
  HIGHEST WIND SPEED    16   HIGHEST WIND DIRECTION     S (160)
  HIGHEST GUST SPEED    19   HIGHEST GUST DIRECTION     S (170)
  AVERAGE WIND SPEED     5.8


SKY COVER
  POSSIBLE SUNSHINE  MM
  AVERAGE SKY COVER 0.8


WEATHER CONDITIONS
 THE FOLLOWING WEATHER WAS RECORDED YESTERDAY.
  NO SIGNIFICANT WEATHER WAS OBSERVED.


RELATIVE HUMIDITY (PERCENT)
 HIGHEST    86           400 AM
 LOWEST     42           200 PM
 AVERAGE    64

..........................................................


THE PROVIDENCE RI CLIMATE NORMALS FOR TODAY
                         NORMAL    RECORD    YEAR
 MAXIMUM TEMPERATURE (F)   64        82      2001
                                             1985
 MINIMUM TEMPERATURE (F)   44        30      1978


SUNRISE AND SUNSET
MAY  1 2015...........SUNRISE   543 AM EDT   SUNSET   744 PM EDT
MAY  2 2015...........SUNRISE   541 AM EDT   SUNSET   745 PM EDT


-  INDICATES NEGATIVE NUMBERS.
R  INDICATES RECORD WAS SET OR TIED.
MM INDICATES DATA IS MISSING.
T  INDICATES TRACE AMOUNT.




$$
