000
CDUS41 KBOX 300539
CLIPVD


CLIMATE REPORT
NATIONAL WEATHER SERVICE TAUNTON MA
136 AM EDT THU APR 30 2015


...................................

...THE PROVIDENCE RI CLIMATE SUMMARY FOR APRIL 29 2015...

CLIMATE NORMAL PERIOD 1981 TO 2010
CLIMATE RECORD PERIOD 1904 TO 2015


WEATHER ITEM   OBSERVED TIME   RECORD YEAR NORMAL DEPARTURE LAST
                VALUE   (LST)  VALUE       VALUE  FROM      YEAR
                                                  NORMAL
..................................................................
TEMPERATURE (F)
 YESTERDAY
  MAXIMUM         66   1032 AM  90    1974  63      3       48
  MINIMUM         44   1058 PM  31    1909  44      0       41
  AVERAGE         55                        54      1       45

PRECIPITATION (IN)
  YESTERDAY        0.00          1.80 1923   0.13  -0.13     0.01
  MONTH TO DATE    2.51                      4.23  -1.72     4.37
  SINCE MAR 1      6.91                      9.24  -2.33    11.35
  SINCE JAN 1     13.26                     16.39  -3.13    19.75

SNOWFALL (IN)
  YESTERDAY        0.0           0.1  1987   0.0    0.0      0.0
  MONTH TO DATE    T                         0.6   -0.6      0.3
  SINCE MAR 1     16.3                       6.1   10.2      1.5
  SINCE JUL 1     76.2                      33.8   42.4     43.6
  SNOW DEPTH       0

DEGREE DAYS
 HEATING
  YESTERDAY       10                        12     -2       20
  MONTH TO DATE  458                       468    -10      465
  SINCE MAR 1   1450                      1277    173     1419
  SINCE JUL 1   5812                      5339    473     5691

 COOLING
  YESTERDAY        0                         0      0        0
  MONTH TO DATE    0                         0      0        0
  SINCE MAR 1      0                         0      0        0
  SINCE JAN 1      0                         0      0        0
..................................................................


WIND (MPH)
  RESULTANT WIND SPEED   1   RESULTANT WIND DIRECTION  SW (230)
  HIGHEST WIND SPEED    18   HIGHEST WIND DIRECTION     S (170)
  HIGHEST GUST SPEED    23   HIGHEST GUST DIRECTION     S (160)
  AVERAGE WIND SPEED     7.8


SKY COVER
  POSSIBLE SUNSHINE  MM
  AVERAGE SKY COVER 0.6


WEATHER CONDITIONS
 THE FOLLOWING WEATHER WAS RECORDED YESTERDAY.
  NO SIGNIFICANT WEATHER WAS OBSERVED.


RELATIVE HUMIDITY (PERCENT)
 HIGHEST    83          1000 PM
 LOWEST     34          1000 AM
 AVERAGE    59

..........................................................


THE PROVIDENCE RI CLIMATE NORMALS FOR TODAY
                         NORMAL    RECORD    YEAR
 MAXIMUM TEMPERATURE (F)   64        88      1942
 MINIMUM TEMPERATURE (F)   44        33      1992
                                             1975


SUNRISE AND SUNSET
APRIL 30 2015.........SUNRISE   544 AM EDT   SUNSET   743 PM EDT
MAY  1 2015...........SUNRISE   543 AM EDT   SUNSET   744 PM EDT


-  INDICATES NEGATIVE NUMBERS.
R  INDICATES RECORD WAS SET OR TIED.
MM INDICATES DATA IS MISSING.
T  INDICATES TRACE AMOUNT.




$$
