000
CDUS41 KBOX 192125
CLIPVD


CLIMATE REPORT
NATIONAL WEATHER SERVICE TAUNTON MA
524 PM EDT SUN APR 19 2015


...................................

...THE PROVIDENCE RI CLIMATE SUMMARY FOR APRIL 19 2015...
VALID TODAY AS OF 0500 PM LOCAL TIME.

CLIMATE NORMAL PERIOD 1981 TO 2010
CLIMATE RECORD PERIOD 1904 TO 2015


WEATHER ITEM   OBSERVED TIME   RECORD YEAR NORMAL DEPARTURE LAST
                VALUE   (LST)  VALUE       VALUE  FROM      YEAR
                                                  NORMAL
..................................................................
TEMPERATURE (F)
 TODAY
  MAXIMUM         58    220 PM  98    1976  60     -2       65
  MINIMUM         44    108 AM  26    1926  41      3       36
  AVERAGE         51                        50      1       51

PRECIPITATION (IN)
  TODAY            0.00          2.36 1983   0.13  -0.13     0.00
  MONTH TO DATE    1.30                      2.92  -1.62     3.38
  SINCE MAR 1      5.70                      7.93  -2.23    10.36
  SINCE JAN 1     12.05                     15.08  -3.03    18.76

SNOWFALL (IN)
  TODAY            0.0           T    1997   0.0    0.0      0.0
  MONTH TO DATE    T                         0.5   -0.5      0.3
  SINCE MAR 1     16.3                       6.0   10.3      1.5
  SINCE JUL 1     76.2                      33.7   42.5     43.6
  SNOW DEPTH       0

DEGREE DAYS
 HEATING
  TODAY           14                        15     -1       14
  MONTH TO DATE  319                       338    -19      311
  SINCE MAR 1   1311                      1147    164     1265
  SINCE JUL 1   5673                      5209    464     5537

 COOLING
  TODAY            0                         0      0        0
  MONTH TO DATE    0                         0      0        0
  SINCE MAR 1      0                         0      0        0
  SINCE JAN 1      0                         0      0        0
..................................................................


WIND (MPH)
  HIGHEST WIND SPEED    21   HIGHEST WIND DIRECTION    SW (210)
  HIGHEST GUST SPEED    25   HIGHEST GUST DIRECTION     S (200)
  AVERAGE WIND SPEED    10.6


SKY COVER
  POSSIBLE SUNSHINE  MM
  AVERAGE SKY COVER 0.1


WEATHER CONDITIONS
 THE FOLLOWING WEATHER WAS RECORDED TODAY.
  NO SIGNIFICANT WEATHER WAS OBSERVED.


RELATIVE HUMIDITY (PERCENT)
 HIGHEST    76          1200 AM
 LOWEST     40           200 PM
 AVERAGE    58

..........................................................


THE PROVIDENCE RI CLIMATE NORMALS FOR TOMORROW
                         NORMAL    RECORD    YEAR
 MAXIMUM TEMPERATURE (F)   60        89      1976
 MINIMUM TEMPERATURE (F)   41        24      1926


SUNRISE AND SUNSET
APRIL 19 2015.........SUNRISE   600 AM EDT   SUNSET   731 PM EDT
APRIL 20 2015.........SUNRISE   558 AM EDT   SUNSET   732 PM EDT


-  INDICATES NEGATIVE NUMBERS.
R  INDICATES RECORD WAS SET OR TIED.
MM INDICATES DATA IS MISSING.
T  INDICATES TRACE AMOUNT.




$$
