000
CDUS41 KBOX 120546
CLIPVD


CLIMATE REPORT
NATIONAL WEATHER SERVICE TAUNTON MA
135 AM EDT SUN APR 12 2015


...................................

...THE PROVIDENCE RI CLIMATE SUMMARY FOR APRIL 11 2015...

CLIMATE NORMAL PERIOD 1981 TO 2010
CLIMATE RECORD PERIOD 1904 TO 2015


WEATHER ITEM   OBSERVED TIME   RECORD YEAR NORMAL DEPARTURE LAST
                VALUE   (LST)  VALUE       VALUE  FROM      YEAR
                                                  NORMAL
..................................................................
TEMPERATURE (F)
 YESTERDAY
  MAXIMUM         59    222 PM  79    1955  57      2       71
  MINIMUM         40   1159 PM  22    1909  38      2       48
  AVERAGE         50                        48      2       60

PRECIPITATION (IN)
  YESTERDAY        0.00          1.31 1958   0.16  -0.16      T
  MONTH TO DATE    1.12                      1.77  -0.65     1.43
  SINCE MAR 1      5.52                      6.78  -1.26     8.41
  SINCE JAN 1     11.87                     13.93  -2.06    16.81

SNOWFALL (IN)
  YESTERDAY        0.0           3.7  1958   0.0    0.0      0.0
  MONTH TO DATE    T                         0.4   -0.4      0.0
  SINCE MAR 1     16.3                       5.9   10.4      1.2
  SINCE JUL 1     76.2                      33.6   42.6     43.3
  SNOW DEPTH       0

DEGREE DAYS
 HEATING
  YESTERDAY       15                        17     -2        5
  MONTH TO DATE  234                       211     23      192
  SINCE MAR 1   1226                      1020    206     1146
  SINCE JUL 1   5588                      5082    506     5418

 COOLING
  YESTERDAY        0                         0      0        0
  MONTH TO DATE    0                         0      0        0
  SINCE MAR 1      0                         0      0        0
  SINCE JAN 1      0                         0      0        0
..................................................................


WIND (MPH)
  RESULTANT WIND SPEED  12   RESULTANT WIND DIRECTION   W (290)
  HIGHEST WIND SPEED    29   HIGHEST WIND DIRECTION    NW (300)
  HIGHEST GUST SPEED    38   HIGHEST GUST DIRECTION     W (280)
  AVERAGE WIND SPEED    12.7


SKY COVER
  POSSIBLE SUNSHINE  MM
  AVERAGE SKY COVER 0.3


WEATHER CONDITIONS
 THE FOLLOWING WEATHER WAS RECORDED YESTERDAY.
  FOG


RELATIVE HUMIDITY (PERCENT)
 HIGHEST    89          1200 AM
 LOWEST     30          1200 PM
 AVERAGE    60

..........................................................


THE PROVIDENCE RI CLIMATE NORMALS FOR TODAY
                         NORMAL    RECORD    YEAR
 MAXIMUM TEMPERATURE (F)   57        86      1977
 MINIMUM TEMPERATURE (F)   39        19      1976


SUNRISE AND SUNSET
APRIL 12 2015.........SUNRISE   611 AM EDT   SUNSET   723 PM EDT
APRIL 13 2015.........SUNRISE   609 AM EDT   SUNSET   724 PM EDT


-  INDICATES NEGATIVE NUMBERS.
R  INDICATES RECORD WAS SET OR TIED.
MM INDICATES DATA IS MISSING.
T  INDICATES TRACE AMOUNT.




$$
