000
CDUS41 KBOX 130533
CLIPVD


CLIMATE REPORT
NATIONAL WEATHER SERVICE TAUNTON MA
133 AM EDT MON APR 13 2015


...................................

...THE PROVIDENCE RI CLIMATE SUMMARY FOR APRIL 12 2015...

CLIMATE NORMAL PERIOD 1981 TO 2010
CLIMATE RECORD PERIOD 1904 TO 2015


WEATHER ITEM   OBSERVED TIME   RECORD YEAR NORMAL DEPARTURE LAST
                VALUE   (LST)  VALUE       VALUE  FROM      YEAR
                                                  NORMAL
..................................................................
TEMPERATURE (F)
 YESTERDAY
  MAXIMUM         65    315 PM  86    1977  57      8       70
  MINIMUM         33    522 AM  19    1976  39     -6       47
  AVERAGE         49                        48      1       59

PRECIPITATION (IN)
  YESTERDAY        0.00          1.41 1934   0.16  -0.16     0.00
  MONTH TO DATE    1.12                      1.93  -0.81     1.43
  SINCE MAR 1      5.52                      6.94  -1.42     8.41
  SINCE JAN 1     11.87                     14.09  -2.22    16.81

SNOWFALL (IN)
  YESTERDAY        0.0           0.3  1918   0.0    0.0      0.0
  MONTH TO DATE    T                         0.4   -0.4      0.0
  SINCE MAR 1     16.3                       5.9   10.4      1.2
  SINCE JUL 1     76.2                      33.6   42.6     43.3
  SNOW DEPTH       0

DEGREE DAYS
 HEATING
  YESTERDAY       16                        17     -1        6
  MONTH TO DATE  250                       228     22      198
  SINCE MAR 1   1242                      1037    205     1152
  SINCE JUL 1   5604                      5099    505     5424

 COOLING
  YESTERDAY        0                         0      0        0
  MONTH TO DATE    0                         0      0        0
  SINCE MAR 1      0                         0      0        0
  SINCE JAN 1      0                         0      0        0
..................................................................


WIND (MPH)
  RESULTANT WIND SPEED   5   RESULTANT WIND DIRECTION  SW (210)
  HIGHEST WIND SPEED    17   HIGHEST WIND DIRECTION    SW (220)
  HIGHEST GUST SPEED    21   HIGHEST GUST DIRECTION    SW (220)
  AVERAGE WIND SPEED     8.4


SKY COVER
  POSSIBLE SUNSHINE  MM
  AVERAGE SKY COVER 0.1


WEATHER CONDITIONS
 THE FOLLOWING WEATHER WAS RECORDED YESTERDAY.
  NO SIGNIFICANT WEATHER WAS OBSERVED.


RELATIVE HUMIDITY (PERCENT)
 HIGHEST    70           600 AM
 LOWEST     25           100 PM
 AVERAGE    48

..........................................................


THE PROVIDENCE RI CLIMATE NORMALS FOR TODAY
                         NORMAL    RECORD    YEAR
 MAXIMUM TEMPERATURE (F)   58        85      1977
                                             1945
 MINIMUM TEMPERATURE (F)   39        26      1956


SUNRISE AND SUNSET
APRIL 13 2015.........SUNRISE   609 AM EDT   SUNSET   724 PM EDT
APRIL 14 2015.........SUNRISE   608 AM EDT   SUNSET   725 PM EDT


-  INDICATES NEGATIVE NUMBERS.
R  INDICATES RECORD WAS SET OR TIED.
MM INDICATES DATA IS MISSING.
T  INDICATES TRACE AMOUNT.




$$
