000
CDUS41 KBOX 290618
CLIPVD


CLIMATE REPORT
NATIONAL WEATHER SERVICE TAUNTON MA
214 AM EDT WED APR 29 2015


...................................

...THE PROVIDENCE RI CLIMATE SUMMARY FOR APRIL 28 2015...

CLIMATE NORMAL PERIOD 1981 TO 2010
CLIMATE RECORD PERIOD 1904 TO 2015


WEATHER ITEM   OBSERVED TIME   RECORD YEAR NORMAL DEPARTURE LAST
                VALUE   (LST)  VALUE       VALUE  FROM      YEAR
                                                  NORMAL
..................................................................
TEMPERATURE (F)
 YESTERDAY
  MAXIMUM         66    329 PM  91    1938  63      3       60
  MINIMUM         43    501 AM  31    1992  43      0       41
                                      1972
  AVERAGE         55                        53      2       51

PRECIPITATION (IN)
  YESTERDAY        0.03          2.64 1988   0.12  -0.09     0.00
  MONTH TO DATE    2.51                      4.10  -1.59     4.36
  SINCE MAR 1      6.91                      9.11  -2.20    11.34
  SINCE JAN 1     13.26                     16.26  -3.00    19.74

SNOWFALL (IN)
  YESTERDAY       MM             3.5  1916   0.0   MM        0.0
  MONTH TO DATE    T                         0.6   -0.6      0.3
  SINCE MAR 1     16.3                       6.1   10.2      1.5
  SINCE JUL 1     76.2                      33.8   42.4     43.6
  SNOW DEPTH       0

DEGREE DAYS
 HEATING
  YESTERDAY       10                        12     -2       14
  MONTH TO DATE  448                       456     -8      445
  SINCE MAR 1   1440                      1265    175     1399
  SINCE JUL 1   5802                      5327    475     5671

 COOLING
  YESTERDAY        0                         0      0        0
  MONTH TO DATE    0                         0      0        0
  SINCE MAR 1      0                         0      0        0
  SINCE JAN 1      0                         0      0        0
..................................................................


WIND (MPH)
  RESULTANT WIND SPEED  12   RESULTANT WIND DIRECTION   N (340)
  HIGHEST WIND SPEED    24   HIGHEST WIND DIRECTION     N (20)
  HIGHEST GUST SPEED    32   HIGHEST GUST DIRECTION     N (360)
  AVERAGE WIND SPEED    12.9


SKY COVER
  POSSIBLE SUNSHINE  MM
  AVERAGE SKY COVER 0.4


WEATHER CONDITIONS
 THE FOLLOWING WEATHER WAS RECORDED YESTERDAY.
  RAIN
  LIGHT RAIN
  FOG


RELATIVE HUMIDITY (PERCENT)
 HIGHEST    83           600 AM
 LOWEST     24           500 PM
 AVERAGE    54

..........................................................


THE PROVIDENCE RI CLIMATE NORMALS FOR TODAY
                         NORMAL    RECORD    YEAR
 MAXIMUM TEMPERATURE (F)   63        90      1974
 MINIMUM TEMPERATURE (F)   44        31      1909


SUNRISE AND SUNSET
APRIL 29 2015.........SUNRISE   545 AM EDT   SUNSET   742 PM EDT
APRIL 30 2015.........SUNRISE   544 AM EDT   SUNSET   743 PM EDT


-  INDICATES NEGATIVE NUMBERS.
R  INDICATES RECORD WAS SET OR TIED.
MM INDICATES DATA IS MISSING.
T  INDICATES TRACE AMOUNT.




$$
