000
CDUS41 KBOX 280544
CLIPVD


CLIMATE REPORT
NATIONAL WEATHER SERVICE TAUNTON MA
138 AM EDT TUE APR 28 2015


...................................

...THE PROVIDENCE RI CLIMATE SUMMARY FOR APRIL 27 2015...

CLIMATE NORMAL PERIOD 1981 TO 2010
CLIMATE RECORD PERIOD 1904 TO 2015


WEATHER ITEM   OBSERVED TIME   RECORD YEAR NORMAL DEPARTURE LAST
                VALUE   (LST)  VALUE       VALUE  FROM      YEAR
                                                  NORMAL
..................................................................
TEMPERATURE (F)
 YESTERDAY
  MAXIMUM         61   1129 AM  89    1990  63     -2       55
  MINIMUM         45   1159 PM  32    1909  43      2       43
  AVERAGE         53                        53      0       49

PRECIPITATION (IN)
  YESTERDAY        0.03          1.94 1979   0.13  -0.10      T
  MONTH TO DATE    2.48                      3.98  -1.50     4.36
  SINCE MAR 1      6.88                      8.99  -2.11    11.34
  SINCE JAN 1     13.23                     16.14  -2.91    19.74

SNOWFALL (IN)
  YESTERDAY        0.0           0.2  1993   0.0    0.0      0.0
  MONTH TO DATE    T                         0.6   -0.6      0.3
  SINCE MAR 1     16.3                       6.1   10.2      1.5
  SINCE JUL 1     76.2                      33.8   42.4     43.6
  SNOW DEPTH       0

DEGREE DAYS
 HEATING
  YESTERDAY       12                        12      0       16
  MONTH TO DATE  438                       444     -6      431
  SINCE MAR 1   1430                      1253    177     1385
  SINCE JUL 1   5792                      5315    477     5657

 COOLING
  YESTERDAY        0                         0      0        0
  MONTH TO DATE    0                         0      0        0
  SINCE MAR 1      0                         0      0        0
  SINCE JAN 1      0                         0      0        0
..................................................................


WIND (MPH)
  RESULTANT WIND SPEED  10   RESULTANT WIND DIRECTION  NW (330)
  HIGHEST WIND SPEED    24   HIGHEST WIND DIRECTION     N (360)
  HIGHEST GUST SPEED    29   HIGHEST GUST DIRECTION    NE (50)
  AVERAGE WIND SPEED    10.6


SKY COVER
  POSSIBLE SUNSHINE  MM
  AVERAGE SKY COVER 0.8


WEATHER CONDITIONS
 THE FOLLOWING WEATHER WAS RECORDED YESTERDAY.
  LIGHT RAIN


RELATIVE HUMIDITY (PERCENT)
 HIGHEST    61          1000 PM
 LOWEST     40          1200 PM
 AVERAGE    51

..........................................................


THE PROVIDENCE RI CLIMATE NORMALS FOR TODAY
                         NORMAL    RECORD    YEAR
 MAXIMUM TEMPERATURE (F)   63        91      1938
 MINIMUM TEMPERATURE (F)   43        31      1992
                                             1972


SUNRISE AND SUNSET
APRIL 28 2015.........SUNRISE   547 AM EDT   SUNSET   740 PM EDT
APRIL 29 2015.........SUNRISE   545 AM EDT   SUNSET   742 PM EDT


-  INDICATES NEGATIVE NUMBERS.
R  INDICATES RECORD WAS SET OR TIED.
MM INDICATES DATA IS MISSING.
T  INDICATES TRACE AMOUNT.




$$
