000
CDUS41 KBOX 170539
CLIPVD


CLIMATE REPORT
NATIONAL WEATHER SERVICE TAUNTON MA
135 AM EDT FRI APR 17 2015


...................................

...THE PROVIDENCE RI CLIMATE SUMMARY FOR APRIL 16 2015...

CLIMATE NORMAL PERIOD 1981 TO 2010
CLIMATE RECORD PERIOD 1904 TO 2015


WEATHER ITEM   OBSERVED TIME   RECORD YEAR NORMAL DEPARTURE LAST
                VALUE   (LST)  VALUE       VALUE  FROM      YEAR
                                                  NORMAL
..................................................................
TEMPERATURE (F)
 YESTERDAY
  MAXIMUM         58    124 PM  88    2003  59     -1       47
  MINIMUM         36    456 AM  27    1943  40     -4       32
  AVERAGE         47                        49     -2       40

PRECIPITATION (IN)
  YESTERDAY        0.00          2.12 1961   0.14  -0.14     0.42
  MONTH TO DATE    1.13                      2.51  -1.38     3.38
  SINCE MAR 1      5.53                      7.52  -1.99    10.36
  SINCE JAN 1     11.88                     14.67  -2.79    18.76

SNOWFALL (IN)
  YESTERDAY        0.0           2.0  1992   0.0    0.0      0.3
  MONTH TO DATE    T                         0.5   -0.5      0.3
  SINCE MAR 1     16.3                       6.0   10.3      1.5
  SINCE JUL 1     76.2                      33.7   42.5     43.6
  SNOW DEPTH       0

DEGREE DAYS
 HEATING
  YESTERDAY       18                        16      2       25
  MONTH TO DATE  292                       293     -1      246
  SINCE MAR 1   1284                      1102    182     1200
  SINCE JUL 1   5646                      5164    482     5472

 COOLING
  YESTERDAY        0                         0      0        0
  MONTH TO DATE    0                         0      0        0
  SINCE MAR 1      0                         0      0        0
  SINCE JAN 1      0                         0      0        0
..................................................................


WIND (MPH)
  RESULTANT WIND SPEED   6   RESULTANT WIND DIRECTION  SE (150)
  HIGHEST WIND SPEED    21   HIGHEST WIND DIRECTION    SE (150)
  HIGHEST GUST SPEED    25   HIGHEST GUST DIRECTION    SE (150)
  AVERAGE WIND SPEED     7.2


SKY COVER
  POSSIBLE SUNSHINE  MM
  AVERAGE SKY COVER 0.5


WEATHER CONDITIONS
 THE FOLLOWING WEATHER WAS RECORDED YESTERDAY.
  NO SIGNIFICANT WEATHER WAS OBSERVED.


RELATIVE HUMIDITY (PERCENT)
 HIGHEST    70          1100 PM
 LOWEST     22           900 AM
 AVERAGE    46

..........................................................


THE PROVIDENCE RI CLIMATE NORMALS FOR TODAY
                         NORMAL    RECORD    YEAR
 MAXIMUM TEMPERATURE (F)   59        93      2002
                                             1976
 MINIMUM TEMPERATURE (F)   40        23      1908


SUNRISE AND SUNSET
APRIL 17 2015.........SUNRISE   603 AM EDT   SUNSET   728 PM EDT
APRIL 18 2015.........SUNRISE   601 AM EDT   SUNSET   729 PM EDT


-  INDICATES NEGATIVE NUMBERS.
R  INDICATES RECORD WAS SET OR TIED.
MM INDICATES DATA IS MISSING.
T  INDICATES TRACE AMOUNT.




$$
