000
CDUS41 KBOX 190549
CLIPVD


CLIMATE REPORT
NATIONAL WEATHER SERVICE TAUNTON MA
140 AM EDT SUN APR 19 2015


...................................

...THE PROVIDENCE RI CLIMATE SUMMARY FOR APRIL 18 2015...

CLIMATE NORMAL PERIOD 1981 TO 2010
CLIMATE RECORD PERIOD 1904 TO 2015


WEATHER ITEM   OBSERVED TIME   RECORD YEAR NORMAL DEPARTURE LAST
                VALUE   (LST)  VALUE       VALUE  FROM      YEAR
                                                  NORMAL
..................................................................
TEMPERATURE (F)
 YESTERDAY
  MAXIMUM         77    341 PM  86    1976  60     17       50
  MINIMUM         46   1159 PM  27    1948  41      5       30
  AVERAGE         62                        50     12       40

PRECIPITATION (IN)
  YESTERDAY        0.00          1.05 1939   0.14  -0.14     0.00
  MONTH TO DATE    1.30                      2.79  -1.49     3.38
  SINCE MAR 1      5.70                      7.80  -2.10    10.36
  SINCE JAN 1     12.05                     14.95  -2.90    18.76

SNOWFALL (IN)
  YESTERDAY        0.0           T    2001   0.0    0.0      0.0
                                      1967
  MONTH TO DATE    T                         0.5   -0.5      0.3
  SINCE MAR 1     16.3                       6.0   10.3      1.5
  SINCE JUL 1     76.2                      33.7   42.5     43.6
  SNOW DEPTH       0

DEGREE DAYS
 HEATING
  YESTERDAY        3                        15    -12       25
  MONTH TO DATE  305                       323    -18      297
  SINCE MAR 1   1297                      1132    165     1251
  SINCE JUL 1   5659                      5194    465     5523

 COOLING
  YESTERDAY        0                         0      0        0
  MONTH TO DATE    0                         0      0        0
  SINCE MAR 1      0                         0      0        0
  SINCE JAN 1      0                         0      0        0
..................................................................


WIND (MPH)
  RESULTANT WIND SPEED   2   RESULTANT WIND DIRECTION   W (280)
  HIGHEST WIND SPEED    28   HIGHEST WIND DIRECTION     N (350)
  HIGHEST GUST SPEED    36   HIGHEST GUST DIRECTION    NW (330)
  AVERAGE WIND SPEED     7.8


SKY COVER
  POSSIBLE SUNSHINE  MM
  AVERAGE SKY COVER 0.2


WEATHER CONDITIONS
 THE FOLLOWING WEATHER WAS RECORDED YESTERDAY.
  NO SIGNIFICANT WEATHER WAS OBSERVED.


RELATIVE HUMIDITY (PERCENT)
 HIGHEST    83          1200 AM
 LOWEST     23           300 PM
 AVERAGE    53

..........................................................


THE PROVIDENCE RI CLIMATE NORMALS FOR TODAY
                         NORMAL    RECORD    YEAR
 MAXIMUM TEMPERATURE (F)   60        98      1976
 MINIMUM TEMPERATURE (F)   41        26      1926


SUNRISE AND SUNSET
APRIL 19 2015.........SUNRISE   600 AM EDT   SUNSET   731 PM EDT
APRIL 20 2015.........SUNRISE   558 AM EDT   SUNSET   732 PM EDT


-  INDICATES NEGATIVE NUMBERS.
R  INDICATES RECORD WAS SET OR TIED.
MM INDICATES DATA IS MISSING.
T  INDICATES TRACE AMOUNT.




$$
