000
CDUS41 KBOX 100547
CLIPVD


CLIMATE REPORT
NATIONAL WEATHER SERVICE TAUNTON MA
136 AM EDT FRI APR 10 2015


...................................

...THE PROVIDENCE RI CLIMATE SUMMARY FOR APRIL 9 2015...

CLIMATE NORMAL PERIOD 1981 TO 2010
CLIMATE RECORD PERIOD 1904 TO 2015


WEATHER ITEM   OBSERVED TIME   RECORD YEAR NORMAL DEPARTURE LAST
                VALUE   (LST)  VALUE       VALUE  FROM      YEAR
                                                  NORMAL
..................................................................
TEMPERATURE (F)
 YESTERDAY
  MAXIMUM         41    306 PM  83    1991  56    -15       61
  MINIMUM         34    427 AM  23    1977  38     -4       39
  AVERAGE         38                        47     -9       50

PRECIPITATION (IN)
  YESTERDAY        0.12          1.39 1974   0.16  -0.04     0.00
  MONTH TO DATE    0.98                      1.44  -0.46     1.43
  SINCE MAR 1      5.38                      6.45  -1.07     8.41
  SINCE JAN 1     11.73                     13.60  -1.87    16.81

SNOWFALL (IN)
  YESTERDAY        0.0           8.8  1917   0.0    0.0      0.0
  MONTH TO DATE    T                         0.3   -0.3      0.0
  SINCE MAR 1     16.3                       5.8   10.5      1.2
  SINCE JUL 1     76.2                      33.5   42.7     43.3
  SNOW DEPTH       0

DEGREE DAYS
 HEATING
  YESTERDAY       27                        18      9       15
  MONTH TO DATE  200                       176     24      165
  SINCE MAR 1   1192                       985    207     1119
  SINCE JUL 1   5554                      5047    507     5391

 COOLING
  YESTERDAY        0                         0      0        0
  MONTH TO DATE    0                         0      0        0
  SINCE MAR 1      0                         0      0        0
  SINCE JAN 1      0                         0      0        0
..................................................................


WIND (MPH)
  RESULTANT WIND SPEED  14   RESULTANT WIND DIRECTION  NE (40)
  HIGHEST WIND SPEED    22   HIGHEST WIND DIRECTION    NE (40)
  HIGHEST GUST SPEED    27   HIGHEST GUST DIRECTION    NE (40)
  AVERAGE WIND SPEED    13.2


SKY COVER
  POSSIBLE SUNSHINE  MM
  AVERAGE SKY COVER 1.0


WEATHER CONDITIONS
 THE FOLLOWING WEATHER WAS RECORDED YESTERDAY.
  RAIN
  LIGHT RAIN
  FOG
  HAZE


RELATIVE HUMIDITY (PERCENT)
 HIGHEST    96           400 AM
 LOWEST     85           900 AM
 AVERAGE    91

..........................................................


THE PROVIDENCE RI CLIMATE NORMALS FOR TODAY
                         NORMAL    RECORD    YEAR
 MAXIMUM TEMPERATURE (F)   57        82      1922
 MINIMUM TEMPERATURE (F)   38        25      1997
                                             1985
                                             1974


SUNRISE AND SUNSET
APRIL 10 2015.........SUNRISE   614 AM EDT   SUNSET   721 PM EDT
APRIL 11 2015.........SUNRISE   613 AM EDT   SUNSET   722 PM EDT


-  INDICATES NEGATIVE NUMBERS.
R  INDICATES RECORD WAS SET OR TIED.
MM INDICATES DATA IS MISSING.
T  INDICATES TRACE AMOUNT.




$$
