000
CDUS41 KBOX 150538
CLIPVD


CLIMATE REPORT
NATIONAL WEATHER SERVICE TAUNTON MA
135 AM EDT WED APR 15 2015


...................................

...THE PROVIDENCE RI CLIMATE SUMMARY FOR APRIL 14 2015...

CLIMATE NORMAL PERIOD 1981 TO 2010
CLIMATE RECORD PERIOD 1904 TO 2015


WEATHER ITEM   OBSERVED TIME   RECORD YEAR NORMAL DEPARTURE LAST
                VALUE   (LST)  VALUE       VALUE  FROM      YEAR
                                                  NORMAL
..................................................................
TEMPERATURE (F)
 YESTERDAY
  MAXIMUM         67    256 PM  83    1945  58      9       72
  MINIMUM         50   1159 PM  26    1959  39     11       57
  AVERAGE         59                        49     10       65

PRECIPITATION (IN)
  YESTERDAY        0.01          1.56 1964   0.15  -0.14      T
  MONTH TO DATE    1.13                      2.23  -1.10     1.43
  SINCE MAR 1      5.53                      7.24  -1.71     8.41
  SINCE JAN 1     11.88                     14.39  -2.51    16.81

SNOWFALL (IN)
  YESTERDAY        0.0           0.2  1953   0.1   -0.1      0.0
  MONTH TO DATE    T                         0.5   -0.5      0.0
  SINCE MAR 1     16.3                       6.0   10.3      1.2
  SINCE JUL 1     76.2                      33.7   42.5     43.3
  SNOW DEPTH       0

DEGREE DAYS
 HEATING
  YESTERDAY        6                        16    -10        0
  MONTH TO DATE  269                       261      8      209
  SINCE MAR 1   1261                      1070    191     1163
  SINCE JUL 1   5623                      5132    491     5435

 COOLING
  YESTERDAY        0                         0      0        0
  MONTH TO DATE    0                         0      0        0
  SINCE MAR 1      0                         0      0        0
  SINCE JAN 1      0                         0      0        0
..................................................................


WIND (MPH)
  RESULTANT WIND SPEED   5   RESULTANT WIND DIRECTION   W (250)
  HIGHEST WIND SPEED    23   HIGHEST WIND DIRECTION     S (200)
  HIGHEST GUST SPEED    32   HIGHEST GUST DIRECTION    SW (220)
  AVERAGE WIND SPEED     8.1


SKY COVER
  POSSIBLE SUNSHINE  MM
  AVERAGE SKY COVER 0.8


WEATHER CONDITIONS
 THE FOLLOWING WEATHER WAS RECORDED YESTERDAY.
  LIGHT RAIN


RELATIVE HUMIDITY (PERCENT)
 HIGHEST    80           400 AM
 LOWEST     22           200 PM
 AVERAGE    51

..........................................................


THE PROVIDENCE RI CLIMATE NORMALS FOR TODAY
                         NORMAL    RECORD    YEAR
 MAXIMUM TEMPERATURE (F)   59        82      1938
 MINIMUM TEMPERATURE (F)   40        27      1923


SUNRISE AND SUNSET
APRIL 15 2015.........SUNRISE   606 AM EDT   SUNSET   726 PM EDT
APRIL 16 2015.........SUNRISE   605 AM EDT   SUNSET   727 PM EDT


-  INDICATES NEGATIVE NUMBERS.
R  INDICATES RECORD WAS SET OR TIED.
MM INDICATES DATA IS MISSING.
T  INDICATES TRACE AMOUNT.




$$
