000
CDUS41 KBOX 310546
CLIPVD


CLIMATE REPORT
NATIONAL WEATHER SERVICE TAUNTON MA
138 AM EDT TUE MAR 31 2015


...................................

...THE PROVIDENCE RI CLIMATE SUMMARY FOR MARCH 30 2015...

CLIMATE NORMAL PERIOD 1981 TO 2010
CLIMATE RECORD PERIOD 1904 TO 2015


WEATHER ITEM   OBSERVED TIME   RECORD YEAR NORMAL DEPARTURE LAST
                VALUE   (LST)  VALUE       VALUE  FROM      YEAR
                                                  NORMAL
..................................................................
TEMPERATURE (F)
 YESTERDAY
  MAXIMUM         48    454 PM  79    1998  53     -5       46
  MINIMUM         30    413 AM  19    1915  34     -4       36
  AVERAGE         39                        43     -4       41

PRECIPITATION (IN)
  YESTERDAY        T             5.32 2010   0.17  -0.17     4.39
  MONTH TO DATE    4.40                      4.84  -0.44     6.86
  SINCE MAR 1      4.40                      4.84  -0.44     6.86
  SINCE JAN 1     10.75                     11.99  -1.24    15.26

SNOWFALL (IN)
  YESTERDAY        T             3.7  1990   0.0    0.0      0.0
  MONTH TO DATE   16.3                       5.4   10.9      1.2
  SINCE MAR 1     16.3                       5.4   10.9      1.2
  SINCE JUL 1     76.2                      33.1   43.1     43.3
  SNOW DEPTH       0

DEGREE DAYS
 HEATING
  YESTERDAY       26                        22      4       24
  MONTH TO DATE  968                       788    180      927
  SINCE MAR 1    968                       788    180      927
  SINCE JUL 1   5330                      4850    480     5199

 COOLING
  YESTERDAY        0                         0      0        0
  MONTH TO DATE    0                         0      0        0
  SINCE MAR 1      0                         0      0        0
  SINCE JAN 1      0                         0      0        0
..................................................................


WIND (MPH)
  RESULTANT WIND SPEED   7   RESULTANT WIND DIRECTION  SW (220)
  HIGHEST WIND SPEED    20   HIGHEST WIND DIRECTION    SW (210)
  HIGHEST GUST SPEED    28   HIGHEST GUST DIRECTION     S (200)
  AVERAGE WIND SPEED     9.0


SKY COVER
  POSSIBLE SUNSHINE  MM
  AVERAGE SKY COVER 0.5


WEATHER CONDITIONS
 THE FOLLOWING WEATHER WAS RECORDED YESTERDAY.
  LIGHT RAIN
  LIGHT SNOW


RELATIVE HUMIDITY (PERCENT)
 HIGHEST    85           500 AM
 LOWEST     49           600 PM
 AVERAGE    67

..........................................................


THE PROVIDENCE RI CLIMATE NORMALS FOR TODAY
                         NORMAL    RECORD    YEAR
 MAXIMUM TEMPERATURE (F)   53        85      1998
 MINIMUM TEMPERATURE (F)   35        15      1923


SUNRISE AND SUNSET
MARCH 31 2015.........SUNRISE   631 AM EDT   SUNSET   710 PM EDT
APRIL  1 2015.........SUNRISE   629 AM EDT   SUNSET   711 PM EDT


-  INDICATES NEGATIVE NUMBERS.
R  INDICATES RECORD WAS SET OR TIED.
MM INDICATES DATA IS MISSING.
T  INDICATES TRACE AMOUNT.




$$
