000
CDUS41 KBOX 040542
CLIPVD


CLIMATE REPORT
NATIONAL WEATHER SERVICE TAUNTON MA
138 AM EDT MON MAY 4 2015


...................................

...THE PROVIDENCE RI CLIMATE SUMMARY FOR MAY 3 2015...

CLIMATE NORMAL PERIOD 1981 TO 2010
CLIMATE RECORD PERIOD 1904 TO 2015


WEATHER ITEM   OBSERVED TIME   RECORD YEAR NORMAL DEPARTURE LAST
                VALUE   (LST)  VALUE       VALUE  FROM      YEAR
                                                  NORMAL
..................................................................
TEMPERATURE (F)
 YESTERDAY
  MAXIMUM         62   1138 AM  91    2001  65     -3       70
  MINIMUM         42    249 AM  33    1964  45     -3       42
  AVERAGE         52                        55     -3       56

PRECIPITATION (IN)
  YESTERDAY        0.00          1.62 1985   0.11  -0.11     0.00
  MONTH TO DATE    0.00                      0.34  -0.34     1.28
  SINCE MAR 1      6.91                      9.71  -2.80    13.43
  SINCE JAN 1     13.26                     16.86  -3.60    21.83

SNOWFALL (IN)
  YESTERDAY        0.0           0.0  2002   0.0    0.0      0.0
                                      2001
                                      2000
  MONTH TO DATE    0.0                       0.0    0.0      0.0
  SINCE MAR 1     16.3                       6.1   10.2      1.5
  SINCE JUL 1     76.2                      33.8   42.4     43.6
  SNOW DEPTH       0

DEGREE DAYS
 HEATING
  YESTERDAY       13                        11      2        9
  MONTH TO DATE   45                        33     12       24
  SINCE MAR 1   1509                      1321    188     1464
  SINCE JUL 1   5871                      5383    488     5736

 COOLING
  YESTERDAY        0                         0      0        0
  MONTH TO DATE    0                         0      0        0
  SINCE MAR 1      0                         2     -2        0
  SINCE JAN 1      0                         2     -2        0
..................................................................


WIND (MPH)
  RESULTANT WIND SPEED   8   RESULTANT WIND DIRECTION   S (160)
  HIGHEST WIND SPEED    22   HIGHEST WIND DIRECTION    SE (150)
  HIGHEST GUST SPEED    27   HIGHEST GUST DIRECTION     S (160)
  AVERAGE WIND SPEED     8.6


SKY COVER
  POSSIBLE SUNSHINE  MM
  AVERAGE SKY COVER 0.4


WEATHER CONDITIONS
 THE FOLLOWING WEATHER WAS RECORDED YESTERDAY.
  NO SIGNIFICANT WEATHER WAS OBSERVED.


RELATIVE HUMIDITY (PERCENT)
 HIGHEST    86          1100 PM
 LOWEST     46          1000 AM
 AVERAGE    66

..........................................................


THE PROVIDENCE RI CLIMATE NORMALS FOR TODAY
                         NORMAL    RECORD    YEAR
 MAXIMUM TEMPERATURE (F)   65        92      2001
 MINIMUM TEMPERATURE (F)   45        31      1986


SUNRISE AND SUNSET
MAY  4 2015...........SUNRISE   539 AM EDT   SUNSET   747 PM EDT
MAY  5 2015...........SUNRISE   538 AM EDT   SUNSET   748 PM EDT


-  INDICATES NEGATIVE NUMBERS.
R  INDICATES RECORD WAS SET OR TIED.
MM INDICATES DATA IS MISSING.
T  INDICATES TRACE AMOUNT.




$$
