000
CDUS41 KGYX 162041
CLIPWM


CLIMATE REPORT
NATIONAL WEATHER SERVICE GRAY ME
441 PM EDT THU APR 16 2015


...................................

...THE PORTLAND ME CLIMATE SUMMARY FOR APRIL 16 2015...
VALID TODAY AS OF 0400 PM LOCAL TIME.

CLIMATE NORMAL PERIOD 1981 TO 2010
CLIMATE RECORD PERIOD 1941 TO 2015


WEATHER ITEM   OBSERVED TIME   RECORD YEAR NORMAL DEPARTURE LAST
                VALUE   (LST)  VALUE       VALUE  FROM      YEAR
                                                  NORMAL
..................................................................
TEMPERATURE (F)
 TODAY
  MAXIMUM         55   1052 AM  78    1976  54      1       41
  MINIMUM         28    437 AM  19    1943  35     -7       27
  AVERAGE         42                        44     -2       34

PRECIPITATION (IN)
  TODAY            0.00          3.35 1996   0.14  -0.14     0.40
  MONTH TO DATE    1.06                      2.35  -1.29     2.32
  SINCE MAR 1      2.85                      6.59  -3.74     6.63
  SINCE JAN 1     10.33                     13.22  -2.89    14.95

SNOWFALL (IN)
  TODAY            0.0           8.0  1904   0.0    0.0      1.2
  MONTH TO DATE    2.9                       2.2    0.7      1.2
  SINCE MAR 1      5.3                      14.9   -9.6      4.9
  SINCE JUL 1     94.5                      61.3   33.2     83.4
  SNOW DEPTH       0

DEGREE DAYS
 HEATING
  TODAY           23                        21      2       31
  MONTH TO DATE  374                       375     -1      350
  SINCE MAR 1   1444                      1351     93     1520
  SINCE JUL 1   6498                      6393    105     6759

 COOLING
  TODAY            0                         0      0        0
  MONTH TO DATE    0                         0      0        0
  SINCE MAR 1      0                         0      0        0
  SINCE JAN 1      0                         0      0        0
..................................................................


WIND (MPH)
  HIGHEST WIND SPEED    18   HIGHEST WIND DIRECTION     S (180)
  HIGHEST GUST SPEED    24   HIGHEST GUST DIRECTION     S (180)
  AVERAGE WIND SPEED     7.0


SKY COVER
  POSSIBLE SUNSHINE  MM
  AVERAGE SKY COVER 0.1


WEATHER CONDITIONS
 THE FOLLOWING WEATHER WAS RECORDED TODAY.
  NO SIGNIFICANT WEATHER WAS OBSERVED.


RELATIVE HUMIDITY (PERCENT)
 HIGHEST    59           400 AM
 LOWEST     19           900 AM
 AVERAGE    39

..........................................................


THE PORTLAND ME CLIMATE NORMALS FOR TOMORROW
                         NORMAL    RECORD    YEAR
 MAXIMUM TEMPERATURE (F)   54        83      2012
 MINIMUM TEMPERATURE (F)   35        22      2014


SUNRISE AND SUNSET
APRIL 16 2015.........SUNRISE   557 AM EDT   SUNSET   726 PM EDT
APRIL 17 2015.........SUNRISE   556 AM EDT   SUNSET   727 PM EDT


-  INDICATES NEGATIVE NUMBERS.
R  INDICATES RECORD WAS SET OR TIED.
MM INDICATES DATA IS MISSING.
T  INDICATES TRACE AMOUNT.




$$
