000
CDUS41 KGYX 300802
CLIPWM


CLIMATE REPORT
NATIONAL WEATHER SERVICE GRAY ME
402 AM EDT THU APR 30 2015


...................................

...THE PORTLAND ME CLIMATE SUMMARY FOR APRIL 29 2015...

CLIMATE NORMAL PERIOD 1981 TO 2010
CLIMATE RECORD PERIOD 1941 TO 2015


WEATHER ITEM   OBSERVED TIME   RECORD YEAR NORMAL DEPARTURE LAST
                VALUE   (LST)  VALUE       VALUE  FROM      YEAR
                                                  NORMAL
..................................................................
TEMPERATURE (F)
 YESTERDAY
  MAXIMUM         57   1254 PM  82    1974  58     -1       49
  MINIMUM         45   1135 PM  24    1963  39      6       40
  AVERAGE         51                        49      2       45

PRECIPITATION (IN)
  YESTERDAY        T             2.23 2008   0.15  -0.15     0.00
  MONTH TO DATE    5.03                      4.17   0.86     2.60
  SINCE MAR 1      6.82                      8.41  -1.59     6.91
  SINCE JAN 1     14.30                     15.04  -0.74    15.23

SNOWFALL (IN)
  YESTERDAY        0.0           1.1  1987   0.0    0.0      0.0
  MONTH TO DATE    2.9                       2.8    0.1      1.2
  SINCE MAR 1      5.3                      15.5  -10.2      4.9
  SINCE JUL 1     94.5                      61.9   32.6     83.4
  SNOW DEPTH       0

DEGREE DAYS
 HEATING
  YESTERDAY       14                        16     -2       20
  MONTH TO DATE  588                       613    -25      619
  SINCE MAR 1   1658                      1589     69     1789
  SINCE JUL 1   6712                      6631     81     7028

 COOLING
  YESTERDAY        0                         0      0        0
  MONTH TO DATE    0                         0      0        0
  SINCE MAR 1      0                         0      0        0
  SINCE JAN 1      0                         0      0        0
..................................................................


WIND (MPH)
  RESULTANT WIND SPEED   1   RESULTANT WIND DIRECTION   E (80)
  HIGHEST WIND SPEED    17   HIGHEST WIND DIRECTION     N (360)
  HIGHEST GUST SPEED    23   HIGHEST GUST DIRECTION     N (20)
  AVERAGE WIND SPEED     5.6


SKY COVER
  AVERAGE SKY COVER 1.0


WEATHER CONDITIONS
 THE FOLLOWING WEATHER WAS RECORDED YESTERDAY.
  LIGHT RAIN


RELATIVE HUMIDITY (PERCENT)
 HIGHEST    86          1100 PM
 LOWEST     47          1200 AM
 AVERAGE    67

..........................................................


THE PORTLAND ME CLIMATE NORMALS FOR TODAY
                         NORMAL    RECORD    YEAR
 MAXIMUM TEMPERATURE (F)   59        82      1985
 MINIMUM TEMPERATURE (F)   39        28      1950


SUNRISE AND SUNSET
APRIL 30 2015.........SUNRISE   536 AM EDT   SUNSET   742 PM EDT
MAY  1 2015...........SUNRISE   534 AM EDT   SUNSET   743 PM EDT


-  INDICATES NEGATIVE NUMBERS.
R  INDICATES RECORD WAS SET OR TIED.
MM INDICATES DATA IS MISSING.
T  INDICATES TRACE AMOUNT.




$$
