000
CDUS41 KGYX 152041
CLIPWM


CLIMATE REPORT
NATIONAL WEATHER SERVICE GRAY ME
440 PM EDT WED APR 15 2015


...................................

...THE PORTLAND ME CLIMATE SUMMARY FOR APRIL 15 2015...
VALID TODAY AS OF 0400 PM LOCAL TIME.

CLIMATE NORMAL PERIOD 1981 TO 2010
CLIMATE RECORD PERIOD 1941 TO 2015


WEATHER ITEM   OBSERVED TIME   RECORD YEAR NORMAL DEPARTURE LAST
                VALUE   (LST)  VALUE       VALUE  FROM      YEAR
                                                  NORMAL
..................................................................
TEMPERATURE (F)
 TODAY
  MAXIMUM         65    203 PM  83    2003  53     12       55
  MINIMUM         38    330 AM  20    1957  35      3       41
  AVERAGE         52                        44      8       48

PRECIPITATION (IN)
  TODAY            0.00          1.55 1895   0.15  -0.15     0.25
  MONTH TO DATE    1.06                      2.21  -1.15     1.92
  SINCE MAR 1      2.85                      6.45  -3.60     6.23
  SINCE JAN 1     10.33                     13.08  -2.75    14.55

SNOWFALL (IN)
  TODAY            0.0           2.5  1893   0.1   -0.1      0.0
  MONTH TO DATE    2.9                       2.2    0.7       T
  SINCE MAR 1      5.3                      14.9   -9.6      3.7
  SINCE JUL 1     94.5                      61.3   33.2     82.2
  SNOW DEPTH       0

DEGREE DAYS
 HEATING
  TODAY           13                        21     -8       17
  MONTH TO DATE  351                       354     -3      319
  SINCE MAR 1   1421                      1330     91     1489
  SINCE JUL 1   6475                      6372    103     6728

 COOLING
  TODAY            0                         0      0        0
  MONTH TO DATE    0                         0      0        0
  SINCE MAR 1      0                         0      0        0
  SINCE JAN 1      0                         0      0        0
..................................................................


WIND (MPH)
  HIGHEST WIND SPEED    26   HIGHEST WIND DIRECTION    NW (330)
  HIGHEST GUST SPEED    35   HIGHEST GUST DIRECTION    NW (330)
  AVERAGE WIND SPEED    11.1


SKY COVER
  POSSIBLE SUNSHINE  MM
  AVERAGE SKY COVER 0.1


WEATHER CONDITIONS
 THE FOLLOWING WEATHER WAS RECORDED TODAY.
  NO SIGNIFICANT WEATHER WAS OBSERVED.


RELATIVE HUMIDITY (PERCENT)
 HIGHEST    64           200 AM
 LOWEST     15           200 PM
 AVERAGE    40

..........................................................


THE PORTLAND ME CLIMATE NORMALS FOR TOMORROW
                         NORMAL    RECORD    YEAR
 MAXIMUM TEMPERATURE (F)   54        78      1976
 MINIMUM TEMPERATURE (F)   35        19      1943


SUNRISE AND SUNSET
APRIL 15 2015.........SUNRISE   559 AM EDT   SUNSET   724 PM EDT
APRIL 16 2015.........SUNRISE   557 AM EDT   SUNSET   726 PM EDT


-  INDICATES NEGATIVE NUMBERS.
R  INDICATES RECORD WAS SET OR TIED.
MM INDICATES DATA IS MISSING.
T  INDICATES TRACE AMOUNT.




$$
