000
CDUS41 KGYX 010808
CLIPWM


CLIMATE REPORT
NATIONAL WEATHER SERVICE GRAY ME
407 AM EDT FRI MAY 1 2015


...................................

...THE PORTLAND ME CLIMATE SUMMARY FOR APRIL 30 2015...

CLIMATE NORMAL PERIOD 1981 TO 2010
CLIMATE RECORD PERIOD 1941 TO 2015


WEATHER ITEM   OBSERVED TIME   RECORD YEAR NORMAL DEPARTURE LAST
                VALUE   (LST)  VALUE       VALUE  FROM      YEAR
                                                  NORMAL
..................................................................
TEMPERATURE (F)
 YESTERDAY
  MAXIMUM         60    102 PM  82    1985  59      1       44
  MINIMUM         41    447 AM  28    1950  39      2       39
  AVERAGE         51                        49      2       42

PRECIPITATION (IN)
  YESTERDAY        0.00          1.33 1915   0.15  -0.15     0.12
  MONTH TO DATE    5.03                      4.32   0.71     2.72
  SINCE MAR 1      6.82                      8.56  -1.74     7.03
  SINCE JAN 1     14.30                     15.19  -0.89    15.35

SNOWFALL (IN)
  YESTERDAY        0.0           T    1909   0.0    0.0      0.0
                                      1910
                                      1931
  MONTH TO DATE    2.9                       2.8    0.1      1.2
  SINCE MAR 1      5.3                      15.5  -10.2      4.9
  SINCE JUL 1     94.5                      61.9   32.6     83.4
  SNOW DEPTH       0

DEGREE DAYS
 HEATING
  YESTERDAY       14                        16     -2       23
  MONTH TO DATE  602                       629    -27      642
  SINCE MAR 1   1672                      1606     66     1812
  SINCE JUL 1   6726                      6648     78     7051

 COOLING
  YESTERDAY        0                         0      0        0
  MONTH TO DATE    0                         0      0        0
  SINCE MAR 1      0                         0      0        0
  SINCE JAN 1      0                         0      0        0
..................................................................


WIND (MPH)
  RESULTANT WIND SPEED   3   RESULTANT WIND DIRECTION   E (90)
  HIGHEST WIND SPEED    16   HIGHEST WIND DIRECTION     E (100)
  HIGHEST GUST SPEED    20   HIGHEST GUST DIRECTION     E (100)
  AVERAGE WIND SPEED     5.8


SKY COVER
  AVERAGE SKY COVER 0.7


WEATHER CONDITIONS
 THE FOLLOWING WEATHER WAS RECORDED YESTERDAY.
  NO SIGNIFICANT WEATHER WAS OBSERVED.


RELATIVE HUMIDITY (PERCENT)
 HIGHEST    86          1200 AM
 LOWEST     51          1200 PM
 AVERAGE    69

..........................................................


THE PORTLAND ME CLIMATE NORMALS FOR TODAY
                         NORMAL    RECORD    YEAR
 MAXIMUM TEMPERATURE (F)   59        75      1972
 MINIMUM TEMPERATURE (F)   40        26      1978


SUNRISE AND SUNSET
MAY  1 2015...........SUNRISE   534 AM EDT   SUNSET   743 PM EDT
MAY  2 2015...........SUNRISE   533 AM EDT   SUNSET   745 PM EDT


-  INDICATES NEGATIVE NUMBERS.
R  INDICATES RECORD WAS SET OR TIED.
MM INDICATES DATA IS MISSING.
T  INDICATES TRACE AMOUNT.




$$
