000
CDUS41 KGYX 280801
CLIPWM


CLIMATE REPORT
NATIONAL WEATHER SERVICE GRAY ME
401 AM EDT TUE APR 28 2015


...................................

...THE PORTLAND ME CLIMATE SUMMARY FOR APRIL 27 2015...

CLIMATE NORMAL PERIOD 1981 TO 2010
CLIMATE RECORD PERIOD 1941 TO 2015


WEATHER ITEM   OBSERVED TIME   RECORD YEAR NORMAL DEPARTURE LAST
                VALUE   (LST)  VALUE       VALUE  FROM      YEAR
                                                  NORMAL
..................................................................
TEMPERATURE (F)
 YESTERDAY
  MAXIMUM         58    443 PM  84    1990  58      0       53
  MINIMUM         43    457 AM  25    1958  38      5       39
  AVERAGE         51                        48      3       46

PRECIPITATION (IN)
  YESTERDAY        0.08          3.59 1979   0.15  -0.07     0.02
  MONTH TO DATE    5.03                      3.88   1.15     2.60
  SINCE MAR 1      6.82                      8.12  -1.30     6.91
  SINCE JAN 1     14.30                     14.75  -0.45    15.23

SNOWFALL (IN)
  YESTERDAY        0.0           0.4  1993   0.0    0.0      0.0
  MONTH TO DATE    2.9                       2.7    0.2      1.2
  SINCE MAR 1      5.3                      15.4  -10.1      4.9
  SINCE JUL 1     94.5                      61.8   32.7     83.4
  SNOW DEPTH       0

DEGREE DAYS
 HEATING
  YESTERDAY       14                        17     -3       19
  MONTH TO DATE  563                       580    -17      583
  SINCE MAR 1   1633                      1556     77     1753
  SINCE JUL 1   6687                      6598     89     6992

 COOLING
  YESTERDAY        0                         0      0        0
  MONTH TO DATE    0                         0      0        0
  SINCE MAR 1      0                         0      0        0
  SINCE JAN 1      0                         0      0        0
..................................................................


WIND (MPH)
  RESULTANT WIND SPEED  10   RESULTANT WIND DIRECTION   N (340)
  HIGHEST WIND SPEED    26   HIGHEST WIND DIRECTION     N (20)
  HIGHEST GUST SPEED    36   HIGHEST GUST DIRECTION     N (20)
  AVERAGE WIND SPEED    13.4


SKY COVER
  AVERAGE SKY COVER 1.0


WEATHER CONDITIONS
 THE FOLLOWING WEATHER WAS RECORDED YESTERDAY.
  RAIN
  LIGHT RAIN


RELATIVE HUMIDITY (PERCENT)
 HIGHEST    77           200 PM
 LOWEST     47          1000 AM
 AVERAGE    62

..........................................................


THE PORTLAND ME CLIMATE NORMALS FOR TODAY
                         NORMAL    RECORD    YEAR
 MAXIMUM TEMPERATURE (F)   58        92      2009
 MINIMUM TEMPERATURE (F)   39        24      1947


SUNRISE AND SUNSET
APRIL 28 2015.........SUNRISE   538 AM EDT   SUNSET   740 PM EDT
APRIL 29 2015.........SUNRISE   537 AM EDT   SUNSET   741 PM EDT


-  INDICATES NEGATIVE NUMBERS.
R  INDICATES RECORD WAS SET OR TIED.
MM INDICATES DATA IS MISSING.
T  INDICATES TRACE AMOUNT.




$$
