000
CDUS41 KGYX 182044
CLIPWM


CLIMATE REPORT
NATIONAL WEATHER SERVICE GRAY ME
444 PM EDT SAT APR 18 2015


...................................

...THE PORTLAND ME CLIMATE SUMMARY FOR APRIL 18 2015...
VALID TODAY AS OF 0400 PM LOCAL TIME.

CLIMATE NORMAL PERIOD 1981 TO 2010
CLIMATE RECORD PERIOD 1941 TO 2015


WEATHER ITEM   OBSERVED TIME   RECORD YEAR NORMAL DEPARTURE LAST
                VALUE   (LST)  VALUE       VALUE  FROM      YEAR
                                                  NORMAL
..................................................................
TEMPERATURE (F)
 TODAY
  MAXIMUM         55    917 AM  76    1964  54      1       42
  MINIMUM         40    506 AM  21    1962  36      4       24
                                      2003
  AVERAGE         48                        45      3       33

PRECIPITATION (IN)
  TODAY            0.00          2.69 1997   0.14  -0.14     0.00
  MONTH TO DATE    1.17                      2.63  -1.46     2.32
  SINCE MAR 1      2.96                      6.87  -3.91     6.63
  SINCE JAN 1     10.44                     13.50  -3.06    14.95

SNOWFALL (IN)
  TODAY            0.0           5.8  1967   0.1   -0.1      0.0
  MONTH TO DATE    2.9                       2.4    0.5      1.2
  SINCE MAR 1      5.3                      15.1   -9.8      4.9
  SINCE JUL 1     94.5                      61.5   33.0     83.4
  SNOW DEPTH       0

DEGREE DAYS
 HEATING
  TODAY           17                        20     -3       32
  MONTH TO DATE  400                       415    -15      416
  SINCE MAR 1   1470                      1391     79     1586
  SINCE JUL 1   6524                      6433     91     6825

 COOLING
  TODAY            0                         0      0        0
  MONTH TO DATE    0                         0      0        0
  SINCE MAR 1      0                         0      0        0
  SINCE JAN 1      0                         0      0        0
..................................................................


WIND (MPH)
  HIGHEST WIND SPEED    17   HIGHEST WIND DIRECTION    SE (140)
  HIGHEST GUST SPEED    23   HIGHEST GUST DIRECTION     E (110)
  AVERAGE WIND SPEED     7.7


SKY COVER
  POSSIBLE SUNSHINE  MM
  AVERAGE SKY COVER 0.3


WEATHER CONDITIONS
 THE FOLLOWING WEATHER WAS RECORDED TODAY.
  NO SIGNIFICANT WEATHER WAS OBSERVED.


RELATIVE HUMIDITY (PERCENT)
 HIGHEST    83           500 AM
 LOWEST     41           800 AM
 AVERAGE    62

..........................................................


THE PORTLAND ME CLIMATE NORMALS FOR TOMORROW
                         NORMAL    RECORD    YEAR
 MAXIMUM TEMPERATURE (F)   55        75      1973
 MINIMUM TEMPERATURE (F)   36        24      1962


SUNRISE AND SUNSET
APRIL 18 2015.........SUNRISE   554 AM EDT   SUNSET   728 PM EDT
APRIL 19 2015.........SUNRISE   552 AM EDT   SUNSET   729 PM EDT


-  INDICATES NEGATIVE NUMBERS.
R  INDICATES RECORD WAS SET OR TIED.
MM INDICATES DATA IS MISSING.
T  INDICATES TRACE AMOUNT.




$$
