000
CDUS41 KGYX 232041
CLIPWM


CLIMATE REPORT
NATIONAL WEATHER SERVICE GRAY ME
441 PM EDT THU APR 23 2015


...................................

...THE PORTLAND ME CLIMATE SUMMARY FOR APRIL 23 2015...
VALID TODAY AS OF 0400 PM LOCAL TIME.

CLIMATE NORMAL PERIOD 1981 TO 2010
CLIMATE RECORD PERIOD 1941 TO 2015


WEATHER ITEM   OBSERVED TIME   RECORD YEAR NORMAL DEPARTURE LAST
                VALUE   (LST)  VALUE       VALUE  FROM      YEAR
                                                  NORMAL
..................................................................
TEMPERATURE (F)
 TODAY
  MAXIMUM         53   1211 PM  81    2007  56     -3       59
  MINIMUM         41    533 AM  22    1947  37      4       44
  AVERAGE         47                        47      0       52

PRECIPITATION (IN)
  TODAY            0.09          3.13 2012   0.14  -0.05     0.02
  MONTH TO DATE    4.95                      3.31   1.64     2.44
  SINCE MAR 1      6.74                      7.55  -0.81     6.75
  SINCE JAN 1     14.22                     14.18   0.04    15.07

SNOWFALL (IN)
  TODAY            T             6.1  1956   0.0    0.0      0.0
  MONTH TO DATE    2.9                       2.6    0.3      1.2
  SINCE MAR 1      5.3                      15.3  -10.0      4.9
  SINCE JUL 1     94.5                      61.7   32.8     83.4
  SNOW DEPTH       0

DEGREE DAYS
 HEATING
  TODAY           18                        18      0       13
  MONTH TO DATE  490                       510    -20      510
  SINCE MAR 1   1560                      1486     74     1680
  SINCE JUL 1   6614                      6528     86     6919

 COOLING
  TODAY            0                         0      0        0
  MONTH TO DATE    0                         0      0        0
  SINCE MAR 1      0                         0      0        0
  SINCE JAN 1      0                         0      0        0
..................................................................


WIND (MPH)
  HIGHEST WIND SPEED    22   HIGHEST WIND DIRECTION    SW (240)
  HIGHEST GUST SPEED    30   HIGHEST GUST DIRECTION    SW (240)
  AVERAGE WIND SPEED    10.7


SKY COVER
  POSSIBLE SUNSHINE  MM
  AVERAGE SKY COVER 0.7


WEATHER CONDITIONS
 THE FOLLOWING WEATHER WAS RECORDED TODAY.
  RAIN
  LIGHT RAIN
  SLEET


RELATIVE HUMIDITY (PERCENT)
 HIGHEST    86           200 AM
 LOWEST     44          1000 AM
 AVERAGE    65

..........................................................


THE PORTLAND ME CLIMATE NORMALS FOR TOMORROW
                         NORMAL    RECORD    YEAR
 MAXIMUM TEMPERATURE (F)   57        75      2001
                                             1994
 MINIMUM TEMPERATURE (F)   37        25      1945


SUNRISE AND SUNSET
APRIL 23 2015.........SUNRISE   546 AM EDT   SUNSET   734 PM EDT
APRIL 24 2015.........SUNRISE   545 AM EDT   SUNSET   735 PM EDT


-  INDICATES NEGATIVE NUMBERS.
R  INDICATES RECORD WAS SET OR TIED.
MM INDICATES DATA IS MISSING.
T  INDICATES TRACE AMOUNT.




$$
