000
CDUS41 KGYX 122056
CLIPWM


CLIMATE REPORT
NATIONAL WEATHER SERVICE GRAY ME
456 PM EDT SUN APR 12 2015


...................................

...THE PORTLAND ME CLIMATE SUMMARY FOR APRIL 12 2015...
VALID TODAY AS OF 0400 PM LOCAL TIME.

CLIMATE NORMAL PERIOD 1981 TO 2010
CLIMATE RECORD PERIOD 1941 TO 2015


WEATHER ITEM   OBSERVED TIME   RECORD YEAR NORMAL DEPARTURE LAST
                VALUE   (LST)  VALUE       VALUE  FROM      YEAR
                                                  NORMAL
..................................................................
TEMPERATURE (F)
 TODAY
  MAXIMUM         68    258 PM  80    1945  52     16       66
  MINIMUM         29    513 AM  17    1976  34     -5       45
  AVERAGE         49                        43      6       56

PRECIPITATION (IN)
  TODAY            0.00          1.48 1993   0.15  -0.15     0.00
  MONTH TO DATE    1.02                      1.77  -0.75     1.49
  SINCE MAR 1      2.81                      6.01  -3.20     5.80
  SINCE JAN 1     10.29                     12.64  -2.35    14.12

SNOWFALL (IN)
  TODAY            0.0           6.7  1894   0.1   -0.1      0.0
  MONTH TO DATE    2.9                       1.8    1.1       T
  SINCE MAR 1      5.3                      14.5   -9.2      3.7
  SINCE JUL 1     94.5                      60.9   33.6     82.2
  SNOW DEPTH       0

DEGREE DAYS
 HEATING
  TODAY           16                        22     -6        9
  MONTH TO DATE  313                       290     23      267
  SINCE MAR 1   1383                      1266    117     1437
  SINCE JUL 1   6437                      6308    129     6676

 COOLING
  TODAY            0                         0      0        0
  MONTH TO DATE    0                         0      0        0
  SINCE MAR 1      0                         0      0        0
  SINCE JAN 1      0                         0      0        0
..................................................................


WIND (MPH)
  HIGHEST WIND SPEED    16   HIGHEST WIND DIRECTION     W (290)
  HIGHEST GUST SPEED    22   HIGHEST GUST DIRECTION     W (280)
  AVERAGE WIND SPEED     7.0


SKY COVER
  POSSIBLE SUNSHINE  MM
  AVERAGE SKY COVER 0.0


WEATHER CONDITIONS
 THE FOLLOWING WEATHER WAS RECORDED TODAY.
  NO SIGNIFICANT WEATHER WAS OBSERVED.


RELATIVE HUMIDITY (PERCENT)
 HIGHEST    75          1200 AM
 LOWEST     24           300 PM
 AVERAGE    50

..........................................................


THE PORTLAND ME CLIMATE NORMALS FOR TOMORROW
                         NORMAL    RECORD    YEAR
 MAXIMUM TEMPERATURE (F)   52        74      1968
 MINIMUM TEMPERATURE (F)   34        21      1976


SUNRISE AND SUNSET
APRIL 12 2015.........SUNRISE   604 AM EDT   SUNSET   721 PM EDT
APRIL 13 2015.........SUNRISE   602 AM EDT   SUNSET   722 PM EDT


-  INDICATES NEGATIVE NUMBERS.
R  INDICATES RECORD WAS SET OR TIED.
MM INDICATES DATA IS MISSING.
T  INDICATES TRACE AMOUNT.




$$
