000
CDUS41 KGYX 120829
CLIPWM


CLIMATE REPORT
NATIONAL WEATHER SERVICE GRAY ME
429 AM EDT SUN APR 12 2015


...................................

...THE PORTLAND ME CLIMATE SUMMARY FOR APRIL 11 2015...

CLIMATE NORMAL PERIOD 1981 TO 2010
CLIMATE RECORD PERIOD 1941 TO 2015


WEATHER ITEM   OBSERVED TIME   RECORD YEAR NORMAL DEPARTURE LAST
                VALUE   (LST)  VALUE       VALUE  FROM      YEAR
                                                  NORMAL
..................................................................
TEMPERATURE (F)
 YESTERDAY
  MAXIMUM         54    215 PM  77    1947  52      2       69
  MINIMUM         31   1125 PM  17    1948  33     -2       42
  AVERAGE         43                        42      1       56

PRECIPITATION (IN)
  YESTERDAY        0.37          1.02 1983   0.15   0.22      T
  MONTH TO DATE    1.39                      1.62  -0.23     1.49
  SINCE MAR 1      3.18                      5.86  -2.68     5.80
  SINCE JAN 1     10.66                     12.49  -1.83    14.12

SNOWFALL (IN)
  YESTERDAY        0.0           2.7  1992   0.1   -0.1      0.0
  MONTH TO DATE    2.9                       1.7    1.2       T
  SINCE MAR 1      5.3                      14.4   -9.1      3.7
  SINCE JUL 1     94.5                      60.8   33.7     82.2
  SNOW DEPTH       2

DEGREE DAYS
 HEATING
  YESTERDAY       22                        23     -1        9
  MONTH TO DATE  297                       268     29      258
  SINCE MAR 1   1367                      1244    123     1428
  SINCE JUL 1   6421                      6286    135     6667

 COOLING
  YESTERDAY        0                         0      0        0
  MONTH TO DATE    0                         0      0        0
  SINCE MAR 1      0                         0      0        0
  SINCE JAN 1      0                         0      0        0
..................................................................


WIND (MPH)
  RESULTANT WIND SPEED  10   RESULTANT WIND DIRECTION   W (280)
  HIGHEST WIND SPEED    28   HIGHEST WIND DIRECTION     W (270)
  HIGHEST GUST SPEED    38   HIGHEST GUST DIRECTION     W (280)
  AVERAGE WIND SPEED    11.9


SKY COVER
  AVERAGE SKY COVER 0.2


WEATHER CONDITIONS
 THE FOLLOWING WEATHER WAS RECORDED YESTERDAY.
  NO SIGNIFICANT WEATHER WAS OBSERVED.


RELATIVE HUMIDITY (PERCENT)
 HIGHEST   100           100 AM
 LOWEST     38           100 PM
 AVERAGE    69

..........................................................


THE PORTLAND ME CLIMATE NORMALS FOR TODAY
                         NORMAL    RECORD    YEAR
 MAXIMUM TEMPERATURE (F)   52        80      1945
 MINIMUM TEMPERATURE (F)   34        17      1976


SUNRISE AND SUNSET
APRIL 12 2015.........SUNRISE   604 AM EDT   SUNSET   721 PM EDT
APRIL 13 2015.........SUNRISE   602 AM EDT   SUNSET   722 PM EDT


-  INDICATES NEGATIVE NUMBERS.
R  INDICATES RECORD WAS SET OR TIED.
MM INDICATES DATA IS MISSING.
T  INDICATES TRACE AMOUNT.




$$
