000
CDUS41 KGYX 102041
CLIPWM


CLIMATE REPORT
NATIONAL WEATHER SERVICE GRAY ME
441 PM EDT FRI APR 10 2015


...................................

...THE PORTLAND ME CLIMATE SUMMARY FOR APRIL 10 2015...
VALID TODAY AS OF 0400 PM LOCAL TIME.

CLIMATE NORMAL PERIOD 1981 TO 2010
CLIMATE RECORD PERIOD 1941 TO 2015


WEATHER ITEM   OBSERVED TIME   RECORD YEAR NORMAL DEPARTURE LAST
                VALUE   (LST)  VALUE       VALUE  FROM      YEAR
                                                  NORMAL
..................................................................
TEMPERATURE (F)
 TODAY
  MAXIMUM         39    251 PM  73    1955  51    -12       50
  MINIMUM         34    244 AM  17    1977  33      1       26
  AVERAGE         37                        42     -5       38

PRECIPITATION (IN)
  TODAY            0.29          2.88 1980   0.15   0.14     0.00
  MONTH TO DATE    0.93                      1.47  -0.54     1.49
  SINCE MAR 1      2.72                      5.71  -2.99     5.80
  SINCE JAN 1     10.20                     12.34  -2.14    14.12

SNOWFALL (IN)
  TODAY            0.0          15.0  1906   0.1   -0.1      0.0
  MONTH TO DATE    2.9                       1.6    1.3       T
  SINCE MAR 1      5.3                      14.3   -9.0      3.7
  SINCE JUL 1     94.5                      60.7   33.8     82.2
  SNOW DEPTH       2

DEGREE DAYS
 HEATING
  TODAY           28                        23      5       27
  MONTH TO DATE  277                       245     32      249
  SINCE MAR 1   1347                      1221    126     1419
  SINCE JUL 1   6401                      6263    138     6658

 COOLING
  TODAY            0                         0      0        0
  MONTH TO DATE    0                         0      0        0
  SINCE MAR 1      0                         0      0        0
  SINCE JAN 1      0                         0      0        0
..................................................................


WIND (MPH)
  HIGHEST WIND SPEED    10   HIGHEST WIND DIRECTION     E (100)
  HIGHEST GUST SPEED    12   HIGHEST GUST DIRECTION    SE (150)
  AVERAGE WIND SPEED     4.8


SKY COVER
  POSSIBLE SUNSHINE  MM
  AVERAGE SKY COVER 0.9


WEATHER CONDITIONS
 THE FOLLOWING WEATHER WAS RECORDED TODAY.
  LIGHT RAIN
  FOG
  HAZE


RELATIVE HUMIDITY (PERCENT)
 HIGHEST   100           100 AM
 LOWEST     92          1200 PM
 AVERAGE    96

..........................................................


THE PORTLAND ME CLIMATE NORMALS FOR TOMORROW
                         NORMAL    RECORD    YEAR
 MAXIMUM TEMPERATURE (F)   52        77      1947
 MINIMUM TEMPERATURE (F)   33        17      1948


SUNRISE AND SUNSET
APRIL 10 2015.........SUNRISE   608 AM EDT   SUNSET   718 PM EDT
APRIL 11 2015.........SUNRISE   606 AM EDT   SUNSET   720 PM EDT


-  INDICATES NEGATIVE NUMBERS.
R  INDICATES RECORD WAS SET OR TIED.
MM INDICATES DATA IS MISSING.
T  INDICATES TRACE AMOUNT.




$$
