000
CDUS41 KGYX 231231
CLIPWM


CLIMATE REPORT
NATIONAL WEATHER SERVICE GRAY ME
830 AM EDT THU APR 23 2015


...................................

...THE PORTLAND ME CLIMATE SUMMARY FOR APRIL 22 2015...

CLIMATE NORMAL PERIOD 1981 TO 2010
CLIMATE RECORD PERIOD 1941 TO 2015


WEATHER ITEM   OBSERVED TIME   RECORD YEAR NORMAL DEPARTURE LAST
                VALUE   (LST)  VALUE       VALUE  FROM      YEAR
                                                  NORMAL
..................................................................
TEMPERATURE (F)
 YESTERDAY
  MAXIMUM         60    227 PM  82    1977  56      4       60
  MINIMUM         35    503 AM  22    1959  37     -2       39
  AVERAGE         48                        46      2       50

PRECIPITATION (IN)
  YESTERDAY        0.00          1.90 2000   0.14  -0.14     0.10
  MONTH TO DATE    4.86                      3.17   1.69     2.42
  SINCE MAR 1      6.65                      7.41  -0.76     6.73
  SINCE JAN 1     14.13                     14.04   0.09    15.05

SNOWFALL (IN)
  YESTERDAY        0.0           7.0  1940   0.0    0.0      0.0
  MONTH TO DATE    2.9                       2.6    0.3      1.2
  SINCE MAR 1      5.3                      15.3  -10.0      4.9
  SINCE JUL 1     94.5                      61.7   32.8     83.4
  SNOW DEPTH       0

DEGREE DAYS
 HEATING
  YESTERDAY       17                        19     -2       15
  MONTH TO DATE  472                       492    -20      497
  SINCE MAR 1   1542                      1468     74     1667
  SINCE JUL 1   6596                      6510     86     6906

 COOLING
  YESTERDAY        0                         0      0        0
  MONTH TO DATE    0                         0      0        0
  SINCE MAR 1      0                         0      0        0
  SINCE JAN 1      0                         0      0        0
..................................................................


WIND (MPH)
  RESULTANT WIND SPEED   9   RESULTANT WIND DIRECTION   S (180)
  HIGHEST WIND SPEED    24   HIGHEST WIND DIRECTION     S (170)
  HIGHEST GUST SPEED    34   HIGHEST GUST DIRECTION     S (170)
  AVERAGE WIND SPEED    10.4


SKY COVER
  AVERAGE SKY COVER 0.6


WEATHER CONDITIONS
 THE FOLLOWING WEATHER WAS RECORDED YESTERDAY.
  NO SIGNIFICANT WEATHER WAS OBSERVED.


RELATIVE HUMIDITY (PERCENT)
 HIGHEST    92           100 AM
 LOWEST     43           300 PM
 AVERAGE    68

..........................................................


THE PORTLAND ME CLIMATE NORMALS FOR TODAY
                         NORMAL    RECORD    YEAR
 MAXIMUM TEMPERATURE (F)   56        81      2007
 MINIMUM TEMPERATURE (F)   37        22      1947


SUNRISE AND SUNSET
APRIL 23 2015.........SUNRISE   546 AM EDT   SUNSET   734 PM EDT
APRIL 24 2015.........SUNRISE   545 AM EDT   SUNSET   735 PM EDT


-  INDICATES NEGATIVE NUMBERS.
R  INDICATES RECORD WAS SET OR TIED.
MM INDICATES DATA IS MISSING.
T  INDICATES TRACE AMOUNT.




$$
