000
CDUS41 KGYX 090807
CLIPWM


CLIMATE REPORT
NATIONAL WEATHER SERVICE GRAY ME
407 AM EDT THU APR 9 2015


...................................

...THE PORTLAND ME CLIMATE SUMMARY FOR APRIL 8 2015...

CLIMATE NORMAL PERIOD 1981 TO 2010
CLIMATE RECORD PERIOD 1941 TO 2015


WEATHER ITEM   OBSERVED TIME   RECORD YEAR NORMAL DEPARTURE LAST
                VALUE   (LST)  VALUE       VALUE  FROM      YEAR
                                                  NORMAL
..................................................................
TEMPERATURE (F)
 YESTERDAY
  MAXIMUM         42    109 PM  67    1999  50     -8       53
  MINIMUM         28   1217 AM  19    1982  32     -4       40
  AVERAGE         35                        41     -6       47

PRECIPITATION (IN)
  YESTERDAY        0.15          1.09 1899   0.15   0.00     0.81
  MONTH TO DATE    0.32                      1.17  -0.85     1.49
  SINCE MAR 1      2.11                      5.41  -3.30     5.80
  SINCE JAN 1      9.59                     12.04  -2.45    14.12

SNOWFALL (IN)
  YESTERDAY        1.4           5.4  1894   0.2    1.2      0.0
  MONTH TO DATE    1.4                       1.4    0.0       T
  SINCE MAR 1      3.8                      14.1  -10.3      3.7
  SINCE JUL 1     93.0                      60.5   32.5     82.2
  SNOW DEPTH       0

DEGREE DAYS
 HEATING
  YESTERDAY       30                        24      6       18
  MONTH TO DATE  216                       199     17      199
  SINCE MAR 1   1286                      1175    111     1369
  SINCE JUL 1   6340                      6217    123     6608

 COOLING
  YESTERDAY        0                         0      0        0
  MONTH TO DATE    0                         0      0        0
  SINCE MAR 1      0                         0      0        0
  SINCE JAN 1      0                         0      0        0
..................................................................


WIND (MPH)
  RESULTANT WIND SPEED   7   RESULTANT WIND DIRECTION   E (80)
  HIGHEST WIND SPEED    17   HIGHEST WIND DIRECTION     E (90)
  HIGHEST GUST SPEED    20   HIGHEST GUST DIRECTION    NE (30)
  AVERAGE WIND SPEED     9.4


SKY COVER
  AVERAGE SKY COVER 0.5


WEATHER CONDITIONS
 THE FOLLOWING WEATHER WAS RECORDED YESTERDAY.
  SNOW
  LIGHT SNOW
  FOG


RELATIVE HUMIDITY (PERCENT)
 HIGHEST    92          1200 AM
 LOWEST     29           100 PM
 AVERAGE    61

..........................................................


THE PORTLAND ME CLIMATE NORMALS FOR TODAY
                         NORMAL    RECORD    YEAR
 MAXIMUM TEMPERATURE (F)   51        64      1945
 MINIMUM TEMPERATURE (F)   33        18      1977


SUNRISE AND SUNSET
APRIL  9 2015.........SUNRISE   609 AM EDT   SUNSET   717 PM EDT
APRIL 10 2015.........SUNRISE   608 AM EDT   SUNSET   718 PM EDT


-  INDICATES NEGATIVE NUMBERS.
R  INDICATES RECORD WAS SET OR TIED.
MM INDICATES DATA IS MISSING.
T  INDICATES TRACE AMOUNT.




$$
