000
CDUS41 KGYX 100805
CLIPWM


CLIMATE REPORT
NATIONAL WEATHER SERVICE GRAY ME
405 AM EDT FRI APR 10 2015


...................................

...THE PORTLAND ME CLIMATE SUMMARY FOR APRIL 9 2015...

CLIMATE NORMAL PERIOD 1981 TO 2010
CLIMATE RECORD PERIOD 1941 TO 2015


WEATHER ITEM   OBSERVED TIME   RECORD YEAR NORMAL DEPARTURE LAST
                VALUE   (LST)  VALUE       VALUE  FROM      YEAR
                                                  NORMAL
..................................................................
TEMPERATURE (F)
 YESTERDAY
  MAXIMUM         35    220 PM  64    1945  51    -16       53
  MINIMUM         29    625 AM  18    1977  33     -4       31
  AVERAGE         32                        42    -10       42

PRECIPITATION (IN)
  YESTERDAY        0.32          1.28 1916   0.15   0.17     0.00
  MONTH TO DATE    0.64                      1.32  -0.68     1.49
  SINCE MAR 1      2.43                      5.56  -3.13     5.80
  SINCE JAN 1      9.91                     12.19  -2.28    14.12

SNOWFALL (IN)
  YESTERDAY        1.5           6.9  1916   0.1    1.4      0.0
  MONTH TO DATE    2.9                       1.5    1.4       T
  SINCE MAR 1      5.3                      14.2   -8.9      3.7
  SINCE JUL 1     94.5                      60.6   33.9     82.2
  SNOW DEPTH       3

DEGREE DAYS
 HEATING
  YESTERDAY       33                        23     10       23
  MONTH TO DATE  249                       222     27      222
  SINCE MAR 1   1319                      1198    121     1392
  SINCE JUL 1   6373                      6240    133     6631

 COOLING
  YESTERDAY        0                         0      0        0
  MONTH TO DATE    0                         0      0        0
  SINCE MAR 1      0                         0      0        0
  SINCE JAN 1      0                         0      0        0
..................................................................


WIND (MPH)
  RESULTANT WIND SPEED  10   RESULTANT WIND DIRECTION   E (70)
  HIGHEST WIND SPEED    18   HIGHEST WIND DIRECTION     E (80)
  HIGHEST GUST SPEED    25   HIGHEST GUST DIRECTION     E (90)
  AVERAGE WIND SPEED    11.1


SKY COVER
  AVERAGE SKY COVER 1.0


WEATHER CONDITIONS
 THE FOLLOWING WEATHER WAS RECORDED YESTERDAY.
  LIGHT RAIN
  SNOW
  LIGHT SNOW
  FOG


RELATIVE HUMIDITY (PERCENT)
 HIGHEST   100           400 AM
 LOWEST     82          1200 PM
 AVERAGE    91

..........................................................


THE PORTLAND ME CLIMATE NORMALS FOR TODAY
                         NORMAL    RECORD    YEAR
 MAXIMUM TEMPERATURE (F)   51        73      1955
 MINIMUM TEMPERATURE (F)   33        17      1977


SUNRISE AND SUNSET
APRIL 10 2015.........SUNRISE   608 AM EDT   SUNSET   718 PM EDT
APRIL 11 2015.........SUNRISE   606 AM EDT   SUNSET   720 PM EDT


-  INDICATES NEGATIVE NUMBERS.
R  INDICATES RECORD WAS SET OR TIED.
MM INDICATES DATA IS MISSING.
T  INDICATES TRACE AMOUNT.




$$
