000
CDUS41 KGYX 212042
CLIPWM


CLIMATE REPORT
NATIONAL WEATHER SERVICE GRAY ME
442 PM EDT SAT MAR 21 2015


...................................

...THE PORTLAND ME CLIMATE SUMMARY FOR MARCH 21 2015...
VALID TODAY AS OF 0400 PM LOCAL TIME.

CLIMATE NORMAL PERIOD 1981 TO 2010
CLIMATE RECORD PERIOD 1941 TO 2015


WEATHER ITEM   OBSERVED TIME   RECORD YEAR NORMAL DEPARTURE LAST
                VALUE   (LST)  VALUE       VALUE  FROM      YEAR
                                                  NORMAL
..................................................................
TEMPERATURE (F)
 TODAY
  MAXIMUM         36    259 PM  79    2012  44     -8       41
  MINIMUM         29    643 AM   4    1956  27      2       24
  AVERAGE         33                        35     -2       33

PRECIPITATION (IN)
  TODAY            0.01          1.30 1983   0.15  -0.14     0.00
  MONTH TO DATE    1.25                      2.78  -1.53     1.91
  SINCE MAR 1      1.25                      2.78  -1.53     1.91
  SINCE JAN 1      8.73                      9.41  -0.68    10.23

SNOWFALL (IN)
  TODAY            T            10.8  1992   0.4   -0.4      0.0
  MONTH TO DATE    2.3                       9.7   -7.4      3.3
  SINCE MAR 1      2.3                       9.7   -7.4      3.3
  SINCE JUL 1     91.5                      56.1   35.4     81.8
  SNOW DEPTH      12

DEGREE DAYS
 HEATING
  TODAY           32                        30      2       32
  MONTH TO DATE  757                       695     62      831
  SINCE MAR 1    757                       695     62      831
  SINCE JUL 1   5811                      5737     74     6070

 COOLING
  TODAY            0                         0      0        0
  MONTH TO DATE    0                         0      0        0
  SINCE MAR 1      0                         0      0        0
  SINCE JAN 1      0                         0      0        0
..................................................................


WIND (MPH)
  HIGHEST WIND SPEED    12   HIGHEST WIND DIRECTION    SE (150)
  HIGHEST GUST SPEED    13   HIGHEST GUST DIRECTION     S (160)
  AVERAGE WIND SPEED     3.9


SKY COVER
  POSSIBLE SUNSHINE  MM
  AVERAGE SKY COVER 1.0


WEATHER CONDITIONS
 THE FOLLOWING WEATHER WAS RECORDED TODAY.
  LIGHT SNOW
  FOG
  HAZE


RELATIVE HUMIDITY (PERCENT)
 HIGHEST    89          1200 PM
 LOWEST     66           800 AM
 AVERAGE    78

..........................................................


THE PORTLAND ME CLIMATE NORMALS FOR TOMORROW
                         NORMAL    RECORD    YEAR
 MAXIMUM TEMPERATURE (F)   44        82      2012
 MINIMUM TEMPERATURE (F)   27         8      1988


SUNRISE AND SUNSET
MARCH 21 2015.........SUNRISE   643 AM EDT   SUNSET   654 PM EDT
MARCH 22 2015.........SUNRISE   641 AM EDT   SUNSET   656 PM EDT


-  INDICATES NEGATIVE NUMBERS.
R  INDICATES RECORD WAS SET OR TIED.
MM INDICATES DATA IS MISSING.
T  INDICATES TRACE AMOUNT.




$$
