000
CDUS41 KGYX 200840
CLIPWM


CLIMATE REPORT
NATIONAL WEATHER SERVICE GRAY ME
440 AM EDT MON APR 20 2015


...................................

...THE PORTLAND ME CLIMATE SUMMARY FOR APRIL 19 2015...

CLIMATE NORMAL PERIOD 1981 TO 2010
CLIMATE RECORD PERIOD 1941 TO 2015


WEATHER ITEM   OBSERVED TIME   RECORD YEAR NORMAL DEPARTURE LAST
                VALUE   (LST)  VALUE       VALUE  FROM      YEAR
                                                  NORMAL
..................................................................
TEMPERATURE (F)
 YESTERDAY
  MAXIMUM         57    111 PM  75    1973  55      2       58
  MINIMUM         36    511 AM  24    1962  36      0       31
  AVERAGE         47                        45      2       45

PRECIPITATION (IN)
  YESTERDAY        0.00          2.19 1924   0.13  -0.13     0.00
  MONTH TO DATE    1.17                      2.76  -1.59     2.32
  SINCE MAR 1      2.96                      7.00  -4.04     6.63
  SINCE JAN 1     10.44                     13.63  -3.19    14.95

SNOWFALL (IN)
  YESTERDAY        0.0           7.5  1925   0.1   -0.1      0.0
  MONTH TO DATE    2.9                       2.5    0.4      1.2
  SINCE MAR 1      5.3                      15.2   -9.9      4.9
  SINCE JUL 1     94.5                      61.6   32.9     83.4
  SNOW DEPTH       0

DEGREE DAYS
 HEATING
  YESTERDAY       18                        20     -2       20
  MONTH TO DATE  419                       435    -16      436
  SINCE MAR 1   1489                      1411     78     1606
  SINCE JUL 1   6543                      6453     90     6845

 COOLING
  YESTERDAY        0                         0      0        0
  MONTH TO DATE    0                         0      0        0
  SINCE MAR 1      0                         0      0        0
  SINCE JAN 1      0                         0      0        0
..................................................................


WIND (MPH)
  RESULTANT WIND SPEED   1   RESULTANT WIND DIRECTION  NE (40)
  HIGHEST WIND SPEED    18   HIGHEST WIND DIRECTION     N (350)
  HIGHEST GUST SPEED    23   HIGHEST GUST DIRECTION     N (350)
  AVERAGE WIND SPEED     7.9


SKY COVER
  AVERAGE SKY COVER 0.2


WEATHER CONDITIONS
 THE FOLLOWING WEATHER WAS RECORDED YESTERDAY.
  NO SIGNIFICANT WEATHER WAS OBSERVED.


RELATIVE HUMIDITY (PERCENT)
 HIGHEST    79          1000 PM
 LOWEST     43           100 PM
 AVERAGE    61

..........................................................


THE PORTLAND ME CLIMATE NORMALS FOR TODAY
                         NORMAL    RECORD    YEAR
 MAXIMUM TEMPERATURE (F)   55        85      2005
 MINIMUM TEMPERATURE (F)   36        24      1960


SUNRISE AND SUNSET
APRIL 20 2015.........SUNRISE   551 AM EDT   SUNSET   730 PM EDT
APRIL 21 2015.........SUNRISE   549 AM EDT   SUNSET   732 PM EDT


-  INDICATES NEGATIVE NUMBERS.
R  INDICATES RECORD WAS SET OR TIED.
MM INDICATES DATA IS MISSING.
T  INDICATES TRACE AMOUNT.




$$
