000
CDUS41 KGYX 252045
CLIPWM


CLIMATE REPORT
NATIONAL WEATHER SERVICE GRAY ME
445 PM EDT SAT APR 25 2015


...................................

...THE PORTLAND ME CLIMATE SUMMARY FOR APRIL 25 2015...
VALID TODAY AS OF 0400 PM LOCAL TIME.

CLIMATE NORMAL PERIOD 1981 TO 2010
CLIMATE RECORD PERIOD 1941 TO 2015


WEATHER ITEM   OBSERVED TIME   RECORD YEAR NORMAL DEPARTURE LAST
                VALUE   (LST)  VALUE       VALUE  FROM      YEAR
                                                  NORMAL
..................................................................
TEMPERATURE (F)
 TODAY
  MAXIMUM         55    150 PM  79    1942  57     -2       60
  MINIMUM         32    204 AM  21    1965  38     -6       38
  AVERAGE         44                        47     -3       49

PRECIPITATION (IN)
  TODAY            0.00          0.84 1968   0.14  -0.14     0.00
  MONTH TO DATE    4.95                      3.59   1.36     2.44
  SINCE MAR 1      6.74                      7.83  -1.09     6.75
  SINCE JAN 1     14.22                     14.46  -0.24    15.07

SNOWFALL (IN)
  TODAY            0.0           2.2  1962   0.0    0.0      0.0
  MONTH TO DATE    2.9                       2.7    0.2      1.2
  SINCE MAR 1      5.3                      15.4  -10.1      4.9
  SINCE JUL 1     94.5                      61.8   32.7     83.4
  SNOW DEPTH       0

DEGREE DAYS
 HEATING
  TODAY           21                        18      3       16
  MONTH TO DATE  532                       546    -14      543
  SINCE MAR 1   1602                      1522     80     1713
  SINCE JUL 1   6656                      6564     92     6952

 COOLING
  TODAY            0                         0      0        0
  MONTH TO DATE    0                         0      0        0
  SINCE MAR 1      0                         0      0        0
  SINCE JAN 1      0                         0      0        0
..................................................................


WIND (MPH)
  HIGHEST WIND SPEED    22   HIGHEST WIND DIRECTION     W (290)
  HIGHEST GUST SPEED    27   HIGHEST GUST DIRECTION     N (350)
  AVERAGE WIND SPEED     9.6


SKY COVER
  POSSIBLE SUNSHINE  MM
  AVERAGE SKY COVER 0.7


WEATHER CONDITIONS
 THE FOLLOWING WEATHER WAS RECORDED TODAY.
  NO SIGNIFICANT WEATHER WAS OBSERVED.


RELATIVE HUMIDITY (PERCENT)
 HIGHEST    69           100 AM
 LOWEST     35           200 PM
 AVERAGE    52

..........................................................


THE PORTLAND ME CLIMATE NORMALS FOR TOMORROW
                         NORMAL    RECORD    YEAR
 MAXIMUM TEMPERATURE (F)   57        80      2009
 MINIMUM TEMPERATURE (F)   38        27      2006
                                             1948


SUNRISE AND SUNSET
APRIL 25 2015.........SUNRISE   543 AM EDT   SUNSET   736 PM EDT
APRIL 26 2015.........SUNRISE   541 AM EDT   SUNSET   737 PM EDT


-  INDICATES NEGATIVE NUMBERS.
R  INDICATES RECORD WAS SET OR TIED.
MM INDICATES DATA IS MISSING.
T  INDICATES TRACE AMOUNT.




$$
