000
CXUS53 KICT 010800
CF6SLN
PRELIMINARY LOCAL CLIMATOLOGICAL DATA (WS FORM: F-6)

                                          STATION:   SALINA KS
                                          MONTH:     OCTOBER
                                          YEAR:      2012
                                          LATITUDE:   38 47 N
                                          LONGITUDE:  97 39 W

  TEMPERATURE IN F:       :PCPN:    SNOW:  WIND      :SUNSHINE: SKY     :PK WND
================================================================================
1   2   3   4   5  6A  6B    7    8   9   10  11  12  13   14  15   16   17  18
                                     12Z  AVG MX 2MIN
DY MAX MIN AVG DEP HDD CDD  WTR  SNW DPTH SPD SPD DIR MIN PSBL S-S WX    SPD DR
================================================================================

 1  68  50  59  -4   6   0 0.01    M    M 11.8 32 360   M    M   5        37 360
 2  74  44  59  -4   6   0 0.00    M    M  5.3 12 330   M    M   0 8      15 340
 3  83  43  63   1   2   0 0.00    M    M 12.4 25 200   M    M   0        33 190
 4  67  50  59  -3   6   0 0.00    M    M 15.4 30 340   M    M   5        36 350
 5  54  40  47 -15  18   0    T    M    M 10.6 23  20   M    M   6        29  30
 6  48  37  43 -18  22   0    T    M    M  7.8 16 330   M    M   9        20 330
 7  56  25  41 -20  24   0 0.00    M    M  6.9 20 240   M    M   1        24 230
 8  73  34  54  -6  11   0 0.00    M    M 12.8 24 200   M    M   0        30 190
 9  64  38  51  -9  14   0 0.00    M    M  9.7 25  10   M    M   1        32  40
10  68  29  49 -11  16   0 0.00    M    M  4.7 14 160   M    M   0 8      20 200
11  80  47  64   5   1   0 0.00    M    M 10.5 22  30   M    M   2        30  40
12  61  49  55  -4  10   0 0.05    M    M  8.8 21  50   M    M  10 1      28  50
13  81  54  68   9   0   3 0.88    M    M  9.8 23 290   M    M   7 13     35 290
14  75  53  64   6   1   0 0.01    M    M 13.3 30 340   M    M   1        37 340
15  83  45  64   6   1   0 0.00    M    M  6.9 17 190   M    M   0 8      22 200
16  80  54  67   9   0   2 0.00    M    M  6.9 15 190   M    M   0        20 230
17  69  49  59   2   6   0 0.01    M    M 15.2 32 320   M    M   2        39 320
18  67  43  55  -2  10   0 0.00    M    M 23.5 43 300   M    M   3 78     51 300
19  66  41  54  -2  11   0 0.00    M    M 14.9 28 320   M    M   0 7      36 320
20  84  38  61   5   4   0 0.00    M    M  4.5 14 190   M    M   0        18 200
21  86  50  68  12   0   3 0.00    M    M  8.8 22 160   M    M   2 18     26 160
22  73  51  62   7   3   0 0.00    M    M  6.7 17 200   M    M   5 128    23 190
23  87  51  69  14   0   4 0.00    M    M  9.4 24 210   M    M   3 1      28 210
24  76  58  67  12   0   2    T    M    M 11.7 29 320   M    M   3        35 310
25  58  34  46  -8  19   0 0.23    M    M 20.4 32 340   M    M   5 18     40 320
26  46  30  38 -16  27   0    T    M    M 10.4 21  10   M    M   4        25 350
27  48  27  38 -16  27   0 0.00    M    M  4.6 12 120   M    M   2        17 110
28  56  27  42 -11  23   0 0.00    M    M  7.8 15 160   M    M   5        20 170
29  69  42  56   3   9   0 0.00    M    M 13.3 24 200   M    M   2        31 220
30  69  44  57   5   8   0 0.00    M    M  5.0 13  50   M    M   2        16  50
31  70  35  53   1  12   0 0.00    M    M  2.4  9 190   M    M   0        13 170
================================================================================
SM 2139 1312       297  14  1.19    M    312.2          M       85
================================================================================
AV 69.0 42.3                              10.1 FASTST   M    M   3    MAX(MPH)
                                 MISC ---->  # 43 300               # 51  300
================================================================================
NOTES:
# LAST OF SEVERAL OCCURRENCES

COLUMN 17 PEAK WIND IN M.P.H.

PRELIMINARY LOCAL CLIMATOLOGICAL DATA (WS FORM: F-6) , PAGE 2

                                          STATION:  SALINA KS
                                          MONTH:    OCTOBER
                                          YEAR:     2012
                                          LATITUDE:   38 47 N
                                          LONGITUDE:  97 39 W

[TEMPERATURE DATA]      [PRECIPITATION DATA]       SYMBOLS USED IN COLUMN 16

AVERAGE MONTHLY: 55.7   TOTAL FOR MONTH:   1.19    1 = FOG OR MIST
DPTR FM NORMAL:  -1.8   DPTR FM NORMAL:   -1.08    2 = FOG REDUCING VISIBILITY
HIGHEST:    87 ON 23    GRTST 24HR  0.89 ON 12-13      TO 1/4 MILE OR LESS
LOWEST:     25 ON  7                               3 = THUNDER
                        SNOW, ICE PELLETS, HAIL    4 = ICE PELLETS
                        TOTAL MONTH:    M          5 = HAIL
                        GRTST 24HR    M  ON   M    6 = FREEZING RAIN OR DRIZZLE
                        GRTST DEPTH:  M  ON   M    7 = DUSTSTORM OR SANDSTORM:
                                                       VSBY 1/2 MILE OR LESS
                                                   8 = SMOKE OR HAZE
[NO. OF DAYS WITH]      [WEATHER - DAYS WITH]      9 = BLOWING SNOW
                                                   X = TORNADO
MAX 32 OR BELOW:   0    0.01 INCH OR MORE:   6
MAX 90 OR ABOVE:   0    0.10 INCH OR MORE:   2
MIN 32 OR BELOW:   5    0.50 INCH OR MORE:   1
MIN  0 OR BELOW:   0    1.00 INCH OR MORE:   0

[HDD (BASE 65) ]
TOTAL THIS MO.   297    CLEAR  (SCALE 0-3)  19
DPTR FM NORMAL    31    PTCLDY (SCALE 4-7)  10
TOTAL FM JUL 1   332    CLOUDY (SCALE 8-10)  2
DPTR FM NORMAL    14

[CDD (BASE 65) ]
TOTAL THIS MO.    14
DPTR FM NORMAL   -20    [PRESSURE DATA]
TOTAL FM JAN 1  2051    HIGHEST SLP M ON M
DPTR FM NORMAL   405    LOWEST  SLP 29.38 ON 17

[REMARKS]
#FINAL-10-12#
