000
CDUS45 KPIH 270731
CLISNT


CLIMATE REPORT
NATIONAL WEATHER SERVICE POCATELLO ID
129 AM MDT MON APR 27 2015


...................................

...THE STANLEY ID CLIMATE SUMMARY FOR APRIL 26 2015...

CLIMATE NORMAL PERIOD 1981 TO 2010
CLIMATE RECORD PERIOD 1916 TO 2015


WEATHER ITEM   OBSERVED TIME   RECORD YEAR NORMAL DEPARTURE LAST
                VALUE   (LST)  VALUE       VALUE  FROM      YEAR
                                                  NORMAL
..................................................................
TEMPERATURE (F)
 YESTERDAY
  MAXIMUM         48    314 PM  75    1977  51     -3       41
  MINIMUM         22   1143 PM   8    1924  22      0       22
  AVERAGE         35                        37     -2       32

PRECIPITATION (IN)
  YESTERDAY        0.00          1.06 2012   0.07  -0.07     0.04
  MONTH TO DATE    1.07                      1.50  -0.43     2.21
  SINCE OCT 1     12.25                     11.47   0.78    15.35
  SINCE JAN 1      5.54                      6.62  -1.08    11.74

SNOWFALL (IN)
  YESTERDAY       MM
  MONTH TO DATE   MM
  SINCE MAR 1     MM
  SINCE JUL 1     MM
  SNOW DEPTH      MM

DEGREE DAYS
 HEATING
  YESTERDAY       30                        28      2       33
  MONTH TO DATE  747                       833    -86      832
  SINCE MAR 1   1683                      2017   -334     1979
  SINCE JUL 1   8061                      9551  -1490     9147

 COOLING
  YESTERDAY        0                         0      0        0
  MONTH TO DATE    0                         0      0        0
  SINCE MAR 1      0                         0      0        0
  SINCE JAN 1      0                         0      0        0
..................................................................


WIND (MPH)
  HIGHEST WIND SPEED    14   HIGHEST WIND DIRECTION     N (340)
  HIGHEST GUST SPEED    21   HIGHEST GUST DIRECTION     N (340)
  AVERAGE WIND SPEED     5.0


SKY COVER
  POSSIBLE SUNSHINE  MM
  AVERAGE SKY COVER 0.0


WEATHER CONDITIONS
 THE FOLLOWING WEATHER WAS RECORDED YESTERDAY.
  NO SIGNIFICANT WEATHER WAS OBSERVED.


RELATIVE HUMIDITY (PERCENT)
 HIGHEST    78           100 AM
 LOWEST     37           400 PM
 AVERAGE    58

..........................................................


THE STANLEY ID CLIMATE NORMALS FOR TODAY
                         NORMAL    RECORD    YEAR
 MAXIMUM TEMPERATURE (F)   51        76      1977
 MINIMUM TEMPERATURE (F)   23         8      2011


SUNRISE AND SUNSET
APRIL 27 2015.........SUNRISE   637 AM MDT   SUNSET   838 PM MDT
APRIL 28 2015.........SUNRISE   636 AM MDT   SUNSET   840 PM MDT


-  INDICATES NEGATIVE NUMBERS.
R  INDICATES RECORD WAS SET OR TIED.
MM INDICATES DATA IS MISSING.
T  INDICATES TRACE AMOUNT.




$$
