000
CXUS53 KUNR 270945
CF62WX
PRELIMINARY LOCAL CLIMATOLOGICAL DATA (WS FORM: F-6)

                                          STATION:   BUFFALO SD
                                          MONTH:     APRIL
                                          YEAR:      2015
                                          LATITUDE:   45 35 N
                                          LONGITUDE: 103 33 W

  TEMPERATURE IN F:       :PCPN:    SNOW:  WIND      :SUNSHINE: SKY     :PK WND
================================================================================
1   2   3   4   5  6A  6B    7    8   9   10  11  12  13   14  15   16   17  18
                                     12Z  AVG MX 2MIN
DY MAX MIN AVG DEP HDD CDD  WTR  SNW DPTH SPD SPD DIR MIN PSBL S-S WX    SPD DR
================================================================================

 1  59  30  45   7  20   0 0.00    M    M 26.2 45 310   M    M   M        54 310
 2  44  23  34  -4  31   0 0.00    M    M 24.4 52 310   M    M   M        65 300
 3  50  18  34  -5  31   0 0.00    M    M 13.0 35 290   M    M   M        40 300
 4  62  25  44   5  21   0 0.00    M    M  6.1 21  50   M    M   M        28  60
 5  55  25  40   0  25   0 0.00    M    M 13.9 28  80   M    M   M        34  70
 6  41  26  34  -6  31   0 0.00    M    M 17.7 28 110   M    M   M        32 100
 7  58  33  46   6  19   0 0.00    M    M  9.1 22 130   M    M   M        26 130
 8  41  33  37  -4  28   0 0.40    M    M 14.5 26  40   M    M   M        32  40
 9  55  31  43   2  22   0 0.00    M    M 15.5 30 320   M    M   M        34 320
10  65  31  48   7  17   0 0.00    M    M  7.6 21 120   M    M   M        23 120
11  76  37  57  15   8   0 0.00    M    M  8.4 28 220   M    M   M        33 220
12  57  31  44   2  21   0 0.00    M    M 20.4 43 300   M    M   M        53 290
13  63  28  46   4  19   0 0.00    M    M 10.5 23 270   M    M   M        29 290
14  82  35  59  16   6   0 0.00    M    M 17.1 35 150   M    M   M        44 160
15  59  38  49   6  16   0 0.03    M    M 15.9 31 160   M    M   M        37 160
16  60  37  49   5  16   0 0.00    M    M 12.3 24 330   M    M   M        27 340
17  66  30  48   4  17   0 0.00    M    M  4.3 10 130   M    M   M        14  60
18  61  36  49   5  16   0 0.02    M    M 10.2 26 320   M    M   M        32 320
19  51  30  41  -4  24   0 0.00    M    M 25.4 47 310   M    M   M        58 310
20  51  28  40  -5  25   0 0.00    M    M 17.6 33 330   M    M   M        39 330
21  53  30  42  -3  23   0 0.00    M    M 10.8 22  60   M    M   M        25  60
22  58  25  42  -4  23   0 0.00    M    M 10.0 18 110   M    M   M        25 130
23  68  32  50   4  15   0 0.00    M    M 12.4 28 140   M    M   M        32 140
24  70  34  52   6  13   0 0.00    M    M  9.2 17  80   M    M   M        22  80
25  50  37  44  -3  21   0 0.21    M    M 10.5 21 340   M    M   M        24 340
26  48  42  45  -2  20   0 0.15    M    M 12.3 20  40   M    M   M        23  40
================================================================================
SM 1503  805       528   0  0.81    M    355.3          M        M
================================================================================
AV 57.8 31.0                              13.7 FASTST   M    M   4    MAX(MPH)
                                 MISC ---->  # 52 310               # 65  300
================================================================================
NOTES:
# LAST OF SEVERAL OCCURRENCES

COLUMN 17 PEAK WIND IN M.P.H.

PRELIMINARY LOCAL CLIMATOLOGICAL DATA (WS FORM: F-6) , PAGE 2

                                          STATION:  BUFFALO SD
                                          MONTH:    APRIL
                                          YEAR:     2015
                                          LATITUDE:   45 35 N
                                          LONGITUDE: 103 33 W

[TEMPERATURE DATA]      [PRECIPITATION DATA]       SYMBOLS USED IN COLUMN 16

AVERAGE MONTHLY: 44.4   TOTAL FOR MONTH:   0.81    1 = FOG OR MIST
DPTR FM NORMAL:   1.8   DPTR FM NORMAL:   -0.41    2 = FOG REDUCING VISIBILITY
HIGHEST:    82 ON 14    GRTST 24HR  0.40 ON  8- 8      TO 1/4 MILE OR LESS
LOWEST:     18 ON  3                               3 = THUNDER
                        SNOW, ICE PELLETS, HAIL    4 = ICE PELLETS
                        TOTAL MONTH:    M          5 = HAIL
                        GRTST 24HR    M  ON   M    6 = FREEZING RAIN OR DRIZZLE
                        GRTST DEPTH:  M  ON   M    7 = DUSTSTORM OR SANDSTORM:
                                                       VSBY 1/2 MILE OR LESS
                                                   8 = SMOKE OR HAZE
[NO. OF DAYS WITH]      [WEATHER - DAYS WITH]      9 = BLOWING SNOW
                                                   X = TORNADO
MAX 32 OR BELOW:   0    0.01 INCH OR MORE:   5
MAX 90 OR ABOVE:   0    0.10 INCH OR MORE:   3
MIN 32 OR BELOW:  16    0.50 INCH OR MORE:   0
MIN  0 OR BELOW:   0    1.00 INCH OR MORE:   0

[HDD (BASE 65) ]
TOTAL THIS MO.   528    CLEAR  (SCALE 0-3)   0
DPTR FM NORMAL   -54    PTCLDY (SCALE 4-7)   0
TOTAL FM JUL 1  6703    CLOUDY (SCALE 8-10)  0
DPTR FM NORMAL  -682

[CDD (BASE 65) ]
TOTAL THIS MO.     0
DPTR FM NORMAL     0    [PRESSURE DATA]
TOTAL FM JAN 1     0    HIGHEST SLP M ON M
DPTR FM NORMAL     0    LOWEST  SLP 29.25 ON 12

[REMARKS]
