000
CXUS54 KLZK 181330
CF6ADF
PRELIMINARY LOCAL CLIMATOLOGICAL DATA (WS FORM: F-6)

                                          STATION:   Arkadelphia Airport
                                          MONTH:     APRIL
                                          YEAR:      2015
                                          LATITUDE:   34  9 N
                                          LONGITUDE:  93  4 W

  TEMPERATURE IN F:       :PCPN:    SNOW:  WIND      :SUNSHINE: SKY     :PK WND
================================================================================
1   2   3   4   5  6A  6B    7    8   9   10  11  12  13   14  15   16   17  18
                                     12Z  AVG MX 2MIN
DY MAX MIN AVG DEP HDD CDD  WTR  SNW DPTH SPD SPD DIR MIN PSBL S-S WX    SPD DR
================================================================================

 1  82  58  70  12   0   5    T  0.0    0  4.4 10 180   M    M   3 123     M  M
 2  83  65  74  16   0   9 0.00  0.0    0  9.8 17 200   M    M   5 1       M  M
 3  81  55  68   9   0   3    T  0.0    0 10.3 18 230   M    M   4 3       M  M
 4  66  46  56  -3   9   0 0.00  0.0    0  5.8 12  30   M    M   0         M  M
 5  59  42  51  -8  14   0 0.03    M    0  2.4  6 130   M    M   5 1       M  M
 6  79  55  67   7   0   2    T  0.0    0  4.5 12 160   M    M   7 12      M  M
 7  86  61  74  14   0   9 0.01  0.0    0  7.1 18 230   M    M   2 13      M  M
 8  86  62  74  14   0   9 0.00  0.0    0  8.9 16 200   M    M   3 1       M  M
 9  86  63  75  15   0  10 1.77  0.0    0  8.8 16 190   M    M   4 13      M  M
10  70  53  62   2   3   0 0.00  0.0    0  4.7 12  30   M    M   1         M  M
11  77  48  63   2   2   0 0.00  0.0    0  3.5  8  40   M    M   0         M  M
12  83  53  68   7   0   3    T  0.0    0  2.4  8 160   M    M   3         M  M
13  71  61  66   5   0   1 1.92  0.0    0  3.1 13  20   M    M   9 1       M  M
14  66  58  62   1   3   0 0.49  0.0    0  7.7 13  30   M    M  10 13      M  M
15  71  60  66   4   0   1 0.10  0.0    0  3.7 12 200   M    M   7 1       M  M
16  84  53  69   7   0   4    T  0.0    0  0.8  5 190   M    M   5 12      M  M
17  84  65  75  13   0  10    T  0.0    0  1.7  8 100   M    M   2 1       M  M
================================================================================
SM 1314  958        31  66  4.32     0.0  89.6          M       70
================================================================================
AV 77.3 56.4                               5.3 FASTST   M    M   4    MAX(MPH)
                                 MISC ---->    18   M                  M    M
================================================================================
NOTES:
# LAST OF SEVERAL OCCURRENCES

COLUMN 17 PEAK WIND IN M.P.H.

PRELIMINARY LOCAL CLIMATOLOGICAL DATA (WS FORM: F-6) , PAGE 2

                                          STATION:  Arkadelphia Airport
                                          MONTH:    APRIL
                                          YEAR:     2015
                                          LATITUDE:   34  9 N
                                          LONGITUDE:  93  4 W

[TEMPERATURE DATA]      [PRECIPITATION DATA]       SYMBOLS USED IN COLUMN 16

AVERAGE MONTHLY: 66.8   TOTAL FOR MONTH:   4.32    1 = FOG OR MIST
DPTR FM NORMAL:   6.6   DPTR FM NORMAL:    1.98    2 = FOG REDUCING VISIBILITY
HIGHEST:    86 ON  9, 8 GRTST 24HR  1.92 ON 13-13      TO 1/4 MILE OR LESS
LOWEST:     42 ON  5                               3 = THUNDER
                        SNOW, ICE PELLETS, HAIL    4 = ICE PELLETS
                        TOTAL MONTH:   0.0 INCH    5 = HAIL
                        GRTST 24HR     0.0         6 = FREEZING RAIN OR DRIZZLE
                        GRTST DEPTH:   0           7 = DUSTSTORM OR SANDSTORM:
                                                       VSBY 1/2 MILE OR LESS
                                                   8 = SMOKE OR HAZE
[NO. OF DAYS WITH]      [WEATHER - DAYS WITH]      9 = BLOWING SNOW
                                                   X = TORNADO
MAX 32 OR BELOW:   0    0.01 INCH OR MORE:   6
MAX 90 OR ABOVE:   0    0.10 INCH OR MORE:   4
MIN 32 OR BELOW:   0    0.50 INCH OR MORE:   2
MIN  0 OR BELOW:   0    1.00 INCH OR MORE:   2

[HDD (BASE 65) ]
TOTAL THIS MO.    31    CLEAR  (SCALE 0-3)   8
DPTR FM NORMAL   -72    PTCLDY (SCALE 4-7)   7
TOTAL FM JUL 1  2989    CLOUDY (SCALE 8-10)  2
DPTR FM NORMAL    24

[CDD (BASE 65) ]
TOTAL THIS MO.    66
DPTR FM NORMAL    44    [PRESSURE DATA]
TOTAL FM JAN 1    80    HIGHEST SLP M ON M
DPTR FM NORMAL    46    LOWEST  SLP M ON M

[REMARKS]
