000
CXUS53 KARX 250930
CF6ARX
PRELIMINARY LOCAL CLIMATOLOGICAL DATA (WS FORM: F-6)

                                          STATION:   La Crosse Weather Office WI
                                          MONTH:     APRIL
                                          YEAR:      2015
                                          LATITUDE:   43 49 N
                                          LONGITUDE:  91 12 W

  TEMPERATURE IN F:       :PCPN:    SNOW:  WIND      :SUNSHINE: SKY     :PK WND
================================================================================
1   2   3   4   5  6A  6B    7    8   9   10  11  12  13   14  15   16   17  18
                                     12Z  AVG MX 2MIN
DY MAX MIN AVG DEP HDD CDD  WTR  SNW DPTH SPD SPD DIR MIN PSBL S-S WX    SPD DR
================================================================================

 1  77  41  59  19   6   0 0.00  0.0    0   M   M   M   M    M   M        37  M
 2  64  46  55  15  10   0 0.22  0.0    0   M   M   M   M    M   M        16  M
 3  46  30  38  -3  27   0 0.00  0.0    0   M   M   M   M    M   M        28  M
 4  54  30  42   1  23   0 0.01  0.0    0   M   M   M   M    M   M         8  M
 5  55  34  45   3  20   0 0.02  0.0    0   M   M   M   M    M   M        15  M
 6  57  30  44   2  21   0 0.05  0.0    0   M   M   M   M    M   M 1      29  M
 7  45  33  39  -4  26   0 1.55    T    0   M   M   M   M    M   M 1235   31  M
 8  42  34  38  -5  27   0 0.13  0.0    0   M   M   M   M    M   M 123    24  M
 9  40  30  35  -9  30   0 1.54  2.5    0   M   M   M   M    M   M 123    26  M
10  49  30  40  -4  25   0 0.08  0.4    2   M   M   M   M    M   M 1      24  M
11  63  38  51   7  14   0 0.00  0.0    0   M   M   M   M    M   M        23  M
12  70  49  60  15   5   0 0.00  0.0    0   M   M   M   M    M   M        36  M
13  62  48  55   9  10   0 0.02  0.0    0   M   M   M   M    M   M        37  M
14  67  45  56  10   9   0 0.00  0.0    0   M   M   M   M    M   M        16  M
15  69  50  60  14   5   0 0.00  0.0    0   M   M   M   M    M   M        28  M
16  72  44  58  11   7   0 0.00  0.0    0   M   M   M   M    M   M        15 110
17  76  54  65  18   0   0 0.00  0.0    0   M   M   M   M    M   M        14 290
18  74  51  63  15   2   0    T  0.0    0   M   M   M   M    M   M        25 110
19  57  46  52   4  13   0 0.36  0.0    0   M   M   M   M    M   M 1      25 320
20  46  36  41  -7  24   0 0.67  0.0    0   M   M   M   M    M   M        34  M
21  38  31  35 -14  30   0 0.01  0.1    0   M   M   M   M    M   M        36  M
22  47  30  39 -10  26   0 0.02  0.2    0   M   M   M   M    M   M        32  M
23  52  30  41  -9  24   0 0.00  0.0    0   M   M   M   M    M   M        22  M
24  54  39  47  -3  18   0 0.14  0.0    0   M   M   M   M    M   M        27  M
================================================================================
SM 1376  929       402   0  4.82     3.2     M          M        M
================================================================================
AV 57.3 38.7                                 M FASTST   M    M   5    MAX(MPH)
                                 MISC ---->     M   M                 37    M
================================================================================
NOTES:
# LAST OF SEVERAL OCCURRENCES

COLUMN 17 PEAK WIND IN M.P.H.

PRELIMINARY LOCAL CLIMATOLOGICAL DATA (WS FORM: F-6) , PAGE 2

                                          STATION:  La Crosse Weather Office WI
                                          MONTH:    APRIL
                                          YEAR:     2015
                                          LATITUDE:   43 49 N
                                          LONGITUDE:  91 12 W

[TEMPERATURE DATA]      [PRECIPITATION DATA]       SYMBOLS USED IN COLUMN 16

AVERAGE MONTHLY: 48.0   TOTAL FOR MONTH:   4.82    1 = FOG OR MIST
DPTR FM NORMAL:   2.9   DPTR FM NORMAL:    2.22    2 = FOG REDUCING VISIBILITY
HIGHEST:    77 ON  1    GRTST 24HR  1.55 ON  7- 7      TO 1/4 MILE OR LESS
LOWEST:     30 ON 23,22                            3 = THUNDER
                        SNOW, ICE PELLETS, HAIL    4 = ICE PELLETS
                        TOTAL MONTH:   3.2 INCHES  5 = HAIL
                        GRTST 24HR   2.5 ON  9- 9  6 = FREEZING RAIN OR DRIZZLE
                        GRTST DEPTH:   2 ON 10     7 = DUSTSTORM OR SANDSTORM:
                                                       VSBY 1/2 MILE OR LESS
                                                   8 = SMOKE OR HAZE
[NO. OF DAYS WITH]      [WEATHER - DAYS WITH]      9 = BLOWING SNOW
                                                   X = TORNADO
MAX 32 OR BELOW:   0    0.01 INCH OR MORE:  14
MAX 90 OR ABOVE:   0    0.10 INCH OR MORE:   7
MIN 32 OR BELOW:   8    0.50 INCH OR MORE:   3
MIN  0 OR BELOW:   0    1.00 INCH OR MORE:   2

[HDD (BASE 65) ]
TOTAL THIS MO.   402    CLEAR  (SCALE 0-3)   0
DPTR FM NORMAL   -75    PTCLDY (SCALE 4-7)   0
TOTAL FM JUL 1  7532    CLOUDY (SCALE 8-10)  0
DPTR FM NORMAL   225

[CDD (BASE 65) ]
TOTAL THIS MO.     0
DPTR FM NORMAL     0    [PRESSURE DATA]
TOTAL FM JAN 1     0    HIGHEST SLP M ON M
DPTR FM NORMAL     0    LOWEST  SLP M ON M

[REMARKS]
