000
CXUS55 KSEW 270930
CF6BLI
PRELIMINARY LOCAL CLIMATOLOGICAL DATA (WS FORM: F-6)

                                          STATION:   BELLINGHAM WA AIRPORT
                                          MONTH:     APRIL
                                          YEAR:      2015
                                          LATITUDE:   48 47 N
                                          LONGITUDE: 122 32 W

  TEMPERATURE IN F:       :PCPN:    SNOW:  WIND      :SUNSHINE: SKY     :PK WND
================================================================================
1   2   3   4   5  6A  6B    7    8   9   10  11  12  13   14  15   16   17  18
                                     12Z  AVG MX 2MIN
DY MAX MIN AVG DEP HDD CDD  WTR  SNW DPTH SPD SPD DIR MIN PSBL S-S WX    SPD DR
================================================================================

 1  54  40  47   0  18   0 0.02  0.0    0  5.2  5 140   M    M   5         6 140
 2  54  40  47   0  18   0 0.00  0.0    0  4.7 16 160   M    M   5        21 160
 3  55  40  48   1  17   0 0.11  0.0    0  5.6 23 160   M    M   7        31 150
 4  54  36  45  -2  20   0    T  0.0    0  4.6 14 160   M    M   2 1      20 180
 5  58  33  46  -1  19   0 0.00  0.0    0  2.4  9 280   M    M   0 1      13 280
 6  54  36  45  -2  20   0 0.00  0.0    0  5.0 16 170   M    M   2 1      22 150
 7  57  36  47   0  18   0 0.00  0.0    0  2.9  9  10   M    M   3        14 170
 8  60  36  48   1  17   0 0.00  0.0    0  3.4 10 170   M    M   2 1      14 170
 9  62  36  49   2  16   0 0.00  0.0    0  2.6 10 160   M    M   0        13 160
10  58  39  49   1  16   0 0.06  0.0    0  9.4 26 160   M    M   6        40 170
11  53  43  48   0  17   0 0.04  0.0    0  6.9 15 170   M    M   7 1      22 230
12  55  39  47  -1  18   0    T  0.0    0  6.1 15 130   M    M   7        20 150
13  50  42  46  -2  19   0 0.18  0.0    0  5.6 18 150   M    M   7 1      23 140
14  54  38  46  -2  19   0 0.01  0.0    0  4.1 15 160   M    M   3        21 160
15  55  38  47  -1  18   0 0.00  0.0    0  4.5 14 160   M    M   2        20 160
16  62  34  48   0  17   0 0.00  0.0    0  1.9 12 300   M    M   0        17 320
17  63  41  52   3  13   0    T  0.0    0  3.0 12 280   M    M   2        16 300
18  65  39  52   3  13   0 0.00  0.0    0  2.3 13 290   M    M   0        17 300
19  64  40  52   3  13   0 0.00  0.0    0  2.7 10 280   M    M   0        16 260
20  69  42  56   7   9   0 0.00  0.0    0  2.1 10 170   M    M   0        15 180
21  61  45  53   4  12   0 0.20  0.0    0  7.4 18 170   M    M   5 1      25 170
22  57  46  52   3  13   0 0.00  0.0    0  7.3 14 160   M    M   5        23 140
23  51  42  47  -2  18   0 0.12  0.0    0  7.6 20 140   M    M   9 1      26 140
24  55  39  47  -3  18   0 0.23  0.0    0  7.8 21 150   M    M   7 13     29 150
25  53  36  45  -5  20   0 0.12  0.0    0  3.3 12 160   M    M   5 1      15 150
26  59  36  48  -2  17   0    T  0.0    0  4.0 15 170   M    M   4        21 170
================================================================================
SM 1492 1012       433   0  1.09     0.0 122.4          M       95
================================================================================
AV 57.4 38.9                               4.7 FASTST   M    M   4    MAX(MPH)
                                 MISC ---->  # 26 160               # 40  170
================================================================================
NOTES:
# LAST OF SEVERAL OCCURRENCES

COLUMN 17 PEAK WIND IN M.P.H.

PRELIMINARY LOCAL CLIMATOLOGICAL DATA (WS FORM: F-6) , PAGE 2

                                          STATION:  BELLINGHAM WA AIRPORT
                                          MONTH:    APRIL
                                          YEAR:     2015
                                          LATITUDE:   48 47 N
                                          LONGITUDE: 122 32 W

[TEMPERATURE DATA]      [PRECIPITATION DATA]       SYMBOLS USED IN COLUMN 16

AVERAGE MONTHLY: 48.2   TOTAL FOR MONTH:   1.09    1 = FOG OR MIST
DPTR FM NORMAL:   0.0   DPTR FM NORMAL:   -1.29    2 = FOG REDUCING VISIBILITY
HIGHEST:    69 ON 20    GRTST 24HR  0.23 ON 24-24      TO 1/4 MILE OR LESS
LOWEST:     33 ON  5                               3 = THUNDER
                        SNOW, ICE PELLETS, HAIL    4 = ICE PELLETS
                        TOTAL MONTH:   0.0 INCH    5 = HAIL
                        GRTST 24HR     0.0         6 = FREEZING RAIN OR DRIZZLE
                        GRTST DEPTH:   0           7 = DUSTSTORM OR SANDSTORM:
                                                       VSBY 1/2 MILE OR LESS
                                                   8 = SMOKE OR HAZE
[NO. OF DAYS WITH]      [WEATHER - DAYS WITH]      9 = BLOWING SNOW
                                                   X = TORNADO
MAX 32 OR BELOW:   0    0.01 INCH OR MORE:  10
MAX 90 OR ABOVE:   0    0.10 INCH OR MORE:   6
MIN 32 OR BELOW:   0    0.50 INCH OR MORE:   0
MIN  0 OR BELOW:   0    1.00 INCH OR MORE:   0

[HDD (BASE 65) ]
TOTAL THIS MO.   433    CLEAR  (SCALE 0-3)  13
DPTR FM NORMAL    -5    PTCLDY (SCALE 4-7)  12
TOTAL FM JUL 1  3867    CLOUDY (SCALE 8-10)  1
DPTR FM NORMAL -1085

[CDD (BASE 65) ]
TOTAL THIS MO.     0
DPTR FM NORMAL     0    [PRESSURE DATA]
TOTAL FM JAN 1     0    HIGHEST SLP M ON M
DPTR FM NORMAL     0    LOWEST  SLP 29.66 ON  5

[REMARKS]
