000
CXUS53 KIND 280730
CF6BMG
PRELIMINARY LOCAL CLIMATOLOGICAL DATA (WS FORM: F-6)

                                          STATION:   BLOOMINGTON IN
                                          MONTH:     APRIL
                                          YEAR:      2015
                                          LATITUDE:   39  7 N
                                          LONGITUDE:  86 37 W

  TEMPERATURE IN F:       :PCPN:    SNOW:  WIND      :SUNSHINE: SKY     :PK WND
================================================================================
1   2   3   4   5  6A  6B    7    8   9   10  11  12  13   14  15   16   17  18
                                     12Z  AVG MX 2MIN
DY MAX MIN AVG DEP HDD CDD  WTR  SNW DPTH SPD SPD DIR MIN PSBL S-S WX    SPD DR
================================================================================

 1  69  36  53   4  12   0 0.00    M    M  7.2 15 190   M    M   0        20 160
 2  73  53  63  14   2   0 0.26    M    M  9.1 24 220   M    M   6 123    32 230
 3  61  42  52   2  13   0 0.83    M    M  6.7 24 360   M    M   9 12     32 350
 4  54  29  42  -8  23   0 0.00    M    M  6.6 18  10   M    M   1        22  10
 5  64  38  51   1  14   0 0.00    M    M  8.1 18 220   M    M   0        23 210
 6  63  42  53   2  12   0    T    M    M  7.1 18 190   M    M  10 1      26 200
 7  67  54  61  10   4   0 0.56    M    M  6.0 23 130   M    M   8 123    30 140
 8  76  58  67  16   0   2 0.05    M    M  6.9 24 150   M    M   6 13     28 150
 9  79  58  69  17   0   4 0.03    M    M 13.0 29 220   M    M   5 13     43 240
10  72  45  59   7   6   0 0.78    M    M 12.6 23 290   M    M   4 13     32 280
11  64  35  50  -2  15   0 0.00    M    M  2.6 10 110   M    M   0        13 130
12  73  39  56   3   9   0 0.00    M    M  5.2 15 140   M    M   0        19 120
13  73  50  62   9   3   0    T    M    M  8.8 20 210   M    M   6        29 210
14  67  52  60   7   5   0 0.00    M    M  9.7 22  70   M    M   1        31  60
15  69  51  60   6   5   0 0.19    M    M 11.8 23 110   M    M   5 1      29 100
16  70  53  62   8   3   0 0.62    M    M  5.2 14 100   M    M   8 1238   18 120
17  78  47  63   9   2   0 0.00    M    M  1.6  8  90   M    M   3 12     13 110
18  78  48  63   9   2   0 0.00    M    M  4.6 15  90   M    M   0        19 110
19  65  56  61   6   4   0 1.13    M    M  8.9 23 240   M    M   8 13     30 240
20  59  45  52  -3  13   0 0.13    M    M 12.4 23 280   M    M  10 1      37 270
21  63  43  53  -2  12   0 0.00    M    M 12.5 26 270   M    M   2        38 240
22  54  37  46 -10  19   0    T    M    M 10.3 24 280   M    M   4        31 270
23  57  33  45 -11  20   0 0.00    M    M  6.3 18 270   M    M   0        29 270
24  65  29  47  -9  18   0 0.00    M    M  4.5 16 180   M    M   4        22 180
25  57  46  52  -4  13   0 0.22    M    M 10.1 17  60   M    M  10 1      23  20
26  61  42  52  -5  13   0 0.00    M    M 10.3 20  10   M    M   4        24  10
27  63  37  50  -7  15   0 0.00    M    M  9.1 21  20   M    M   2        27  10
================================================================================
SM 1794 1198       257   6  4.80    M    217.2          M      116
================================================================================
AV 66.4 44.4                               8.0 FASTST   M    M   4    MAX(MPH)
                                 MISC ---->  # 29 220               # 43  240
================================================================================
NOTES:
# LAST OF SEVERAL OCCURRENCES

COLUMN 17 PEAK WIND IN M.P.H.

PRELIMINARY LOCAL CLIMATOLOGICAL DATA (WS FORM: F-6) , PAGE 2

                                          STATION:  BLOOMINGTON IN
                                          MONTH:    APRIL
                                          YEAR:     2015
                                          LATITUDE:   39  7 N
                                          LONGITUDE:  86 37 W

[TEMPERATURE DATA]      [PRECIPITATION DATA]       SYMBOLS USED IN COLUMN 16

AVERAGE MONTHLY: 55.4   TOTAL FOR MONTH:   4.80    1 = FOG OR MIST
DPTR FM NORMAL:   2.3   DPTR FM NORMAL:    0.61    2 = FOG REDUCING VISIBILITY
HIGHEST:    79 ON  9    GRTST 24HR  1.26 ON 19-20      TO 1/4 MILE OR LESS
LOWEST:     29 ON 24, 4                            3 = THUNDER
                        SNOW, ICE PELLETS, HAIL    4 = ICE PELLETS
                        TOTAL MONTH:    M          5 = HAIL
                        GRTST 24HR    M  ON   M    6 = FREEZING RAIN OR DRIZZLE
                        GRTST DEPTH:  M  ON   M    7 = DUSTSTORM OR SANDSTORM:
                                                       VSBY 1/2 MILE OR LESS
                                                   8 = SMOKE OR HAZE
[NO. OF DAYS WITH]      [WEATHER - DAYS WITH]      9 = BLOWING SNOW
                                                   X = TORNADO
MAX 32 OR BELOW:   0    0.01 INCH OR MORE:  11
MAX 90 OR ABOVE:   0    0.10 INCH OR MORE:   9
MIN 32 OR BELOW:   2    0.50 INCH OR MORE:   5
MIN  0 OR BELOW:   0    1.00 INCH OR MORE:   1

[HDD (BASE 65) ]
TOTAL THIS MO.   257    CLEAR  (SCALE 0-3)  10
DPTR FM NORMAL   -76    PTCLDY (SCALE 4-7)  12
TOTAL FM JUL 1  5572    CLOUDY (SCALE 8-10)  5
DPTR FM NORMAL   483

[CDD (BASE 65) ]
TOTAL THIS MO.     6
DPTR FM NORMAL   -13    [PRESSURE DATA]
TOTAL FM JAN 1     6    HIGHEST SLP M ON M
DPTR FM NORMAL   -16    LOWEST  SLP 29.33 ON 19

[REMARKS]
