000
CXUS55 KDVN 251237
CF6BRL
PRELIMINARY LOCAL CLIMATOLOGICAL DATA (WS FORM: F-6)

                                          STATION:   BURLINGTON IA
                                          MONTH:     APRIL
                                          YEAR:      2015
                                          LATITUDE:   40 46 N
                                          LONGITUDE:  91  7 W

  TEMPERATURE IN F:       :PCPN:    SNOW:  WIND      :SUNSHINE: SKY     :PK WND
================================================================================
1   2   3   4   5  6A  6B    7    8   9   10  11  12  13   14  15   16   17  18
                                     12Z  AVG MX 2MIN
DY MAX MIN AVG DEP HDD CDD  WTR  SNW DPTH SPD SPD DIR MIN PSBL S-S WX    SPD DR
================================================================================

 1  78  46  62  14   3   0 0.00    M    M 14.5 26 180   M    M   0        34 190
 2  70  51  61  12   4   0 0.15    M    M  9.8 20 190   M    M   4 13     25 170
 3  53  33  43  -6  22   0 0.00    M    M 13.1 25 320   M    M   5        33 300
 4  64  24  44  -6  21   0 0.00    M    M 12.0 24 250   M    M   1        34 240
 5  69  41  55   5  10   0 0.00    M    M 12.1 22 200   M    M   1        27 210
 6  62  50  56   6   9   0 0.01    M    M  8.5 21 200   M    M  10 18     26 200
 7  57  47  52   1  13   0 0.00    M    M 11.2 18  60   M    M  10 123    23  60
 8  67  49  58   7   7   0 0.02    M    M  8.8 21 340   M    M   7 1238   26 330
 9  80  41  61   9   4   0 0.03    M    M 17.1 33 250   M    M   6 13     44 250
10  68  36  52   0  13   0 0.00    M    M 12.6 31 280   M    M   1        43 290
11  68  32  50  -2  15   0 0.00    M    M  6.9 15 170   M    M   0        19 180
12  68  51  60   7   5   0    T    M    M  9.8 18 190   M    M   6        24 190
13  66  49  58   5   7   0 0.48    M    M 11.0 22 350   M    M   2 13     28 340
14  68  41  55   2  10   0 0.00    M    M  4.0 10  80   M    M   0        16  90
15  73  50  62   8   3   0 0.00    M    M 11.1 22 100   M    M   2        30 100
16  76  52  64  10   1   0 0.00    M    M  3.7 10  40   M    M   2 8      16  60
17  80  50  65  11   0   0 0.00    M    M  1.6 12 180   M    M   4 8      14 200
18  79  56  68  13   0   3 0.00    M    M  6.5 20 140   M    M   1 138    25 150
19  76  49  63   8   2   0 0.47    M    M  8.1 21 300   M    M   7 13     34 300
20  52  42  47  -8  18   0 0.02    M    0 15.6 26 310   M    M   8 1      40 280
21  62  36  49  -7  16   0    T    M    0 13.9 26 300   M    M   3 8      37 290
22  55  33  44 -12  21   0 0.00    M    M 12.1 25 320   M    M   0        37 280
23  61  34  48  -8  17   0 0.00    M    M  6.2 18 310   M    M   0 8      29 300
24  65  45  55  -2  10   0 0.00    M    M 11.3 22 150   M    M   9        29 180
================================================================================
SM 1617 1038       231   3  1.18    M    241.5          M       89
================================================================================
AV 67.4 43.2                              10.1 FASTST   M    M   4    MAX(MPH)
                                 MISC ---->  # 33 250               # 44  250
================================================================================
NOTES:
# LAST OF SEVERAL OCCURRENCES

COLUMN 17 PEAK WIND IN M.P.H.

PRELIMINARY LOCAL CLIMATOLOGICAL DATA (WS FORM: F-6) , PAGE 2

                                          STATION:  BURLINGTON IA
                                          MONTH:    APRIL
                                          YEAR:     2015
                                          LATITUDE:   40 46 N
                                          LONGITUDE:  91  7 W

[TEMPERATURE DATA]      [PRECIPITATION DATA]       SYMBOLS USED IN COLUMN 16

AVERAGE MONTHLY: 55.3   TOTAL FOR MONTH:   1.18    1 = FOG OR MIST
DPTR FM NORMAL:   2.6   DPTR FM NORMAL:   -1.68    2 = FOG REDUCING VISIBILITY
HIGHEST:    80 ON 17, 9 GRTST 24HR  0.48 ON 13-13      TO 1/4 MILE OR LESS
LOWEST:     24 ON  4                               3 = THUNDER
                        SNOW, ICE PELLETS, HAIL    4 = ICE PELLETS
                        TOTAL MONTH:    M          5 = HAIL
                        GRTST 24HR    M  ON   M    6 = FREEZING RAIN OR DRIZZLE
                        GRTST DEPTH:   0           7 = DUSTSTORM OR SANDSTORM:
                                                       VSBY 1/2 MILE OR LESS
                                                   8 = SMOKE OR HAZE
[NO. OF DAYS WITH]      [WEATHER - DAYS WITH]      9 = BLOWING SNOW
                                                   X = TORNADO
MAX 32 OR BELOW:   0    0.01 INCH OR MORE:   7
MAX 90 OR ABOVE:   0    0.10 INCH OR MORE:   3
MIN 32 OR BELOW:   2    0.50 INCH OR MORE:   0
MIN  0 OR BELOW:   0    1.00 INCH OR MORE:   0

[HDD (BASE 65) ]
TOTAL THIS MO.   231    CLEAR  (SCALE 0-3)  12
DPTR FM NORMAL   -77    PTCLDY (SCALE 4-7)   9
TOTAL FM JUL 1  5928    CLOUDY (SCALE 8-10)  3
DPTR FM NORMAL   514

[CDD (BASE 65) ]
TOTAL THIS MO.     3
DPTR FM NORMAL   -11    [PRESSURE DATA]
TOTAL FM JAN 1     3    HIGHEST SLP M ON M
DPTR FM NORMAL   -13    LOWEST  SLP 29.32 ON 19

[REMARKS]
