000
CXUS56 KSLC 271220
CF6CDC
PRELIMINARY LOCAL CLIMATOLOGICAL DATA (WS FORM: F-6)

                                          STATION:   CEDAR CITY UT
                                          MONTH:     APRIL
                                          YEAR:      2015
                                          LATITUDE:   37 42 N
                                          LONGITUDE: 113  6 W

  TEMPERATURE IN F:       :PCPN:    SNOW:  WIND      :SUNSHINE: SKY     :PK WND
================================================================================
1   2   3   4   5  6A  6B    7    8   9   10  11  12  13   14  15   16   17  18
                                     12Z  AVG MX 2MIN
DY MAX MIN AVG DEP HDD CDD  WTR  SNW DPTH SPD SPD DIR MIN PSBL S-S WX    SPD DR
================================================================================

 1  60  38  49   6  16   0 0.00  0.0    0  6.1 20 260   M    M   1 8      35 270
 2  50  26  38  -5  27   0 0.00  0.0    0  8.7 22 340   M    M   1        28 340
 3  58  16  37  -6  28   0 0.00  0.0    0  3.9 10 330   M    M   0        19 330
 4  66  22  44   0  21   0 0.00  0.0    0  9.3 24 220   M    M   0        32 210
 5  64  36  50   6  15   0 0.00  0.0    0 17.9 36 200   M    M   0        48 200
 6  62  39  51   7  14   0 0.00  0.0    0 18.8 36 190   M    M   0        46 180
 7  60  34  47   3  18   0 0.00  0.0    0 19.5 36 210   M    M   0        47 210
 8  50  30  40  -4  25   0    T    M    0 12.4 30 200   M    M   5 1      43 180
 9  62  22  42  -3  23   0 0.00  0.0    0  4.6 14 260   M    M   0        19 240
10  67  24  46   1  19   0 0.00  0.0    0  6.7 21 210   M    M   0        26 210
11  67  28  48   3  17   0 0.00  0.0    0  6.8 20 210   M    M   0        27 230
12  66  33  50   4  15   0 0.00  0.0    0  9.2 21 350   M    M   0        28  10
13  74  29  52   6  13   0 0.00  0.0    0  5.4 21 210   M    M   0        25 210
14  70  28  49   3  16   0 0.00  0.0    0 20.5 47 190   M    M   1 8      61 190
15  45  21  33 -13  32   0 0.00  0.0    0  8.2 22 340   M    M   3        32 360
16  42  28  35 -11  30   0 0.12    M    0  6.3 20  20   M    M   9 1      25 360
17  59  26  43  -4  22   0 0.00  0.0    0  8.5 21 360   M    M   4        30  40
18  69  29  49   2  16   0 0.00  0.0    0  4.9 16  30   M    M   0        20  30
19  71  32  52   5  13   0 0.00  0.0    0  4.2 16 340   M    M   1        21 360
20  73  30  52   4  13   0 0.00  0.0    0  5.3 21 200   M    M   0        28 320
21  72  35  54   6  11   0 0.00  0.0    0  7.7 26 170   M    M   2        35 180
22  70  45  58  10   7   0 0.00  0.0    0  9.2 23 230   M    M   3        28 220
23  66  33  50   1  15   0 0.00  0.0    0  8.7 23 200   M    M   1        29 200
24  64  35  50   1  15   0 0.29    M    0 14.6 31 200   M    M   5 138    40 210
25  53  37  45  -4  20   0 0.19    M    0 11.1 29 220   M    M   9 1      40 220
26  52  35  44  -6  21   0 0.04    M    0 10.7 21  40   M    M   8 1      30  30
================================================================================
SM 1612  791       482   0  0.64     0.0 249.2          M       53
================================================================================
AV 62.0 30.4                               9.6 FASTST   M    M   2    MAX(MPH)
                                 MISC ---->  # 47 190               # 61  190
================================================================================
NOTES:
# LAST OF SEVERAL OCCURRENCES

COLUMN 17 PEAK WIND IN M.P.H.

PRELIMINARY LOCAL CLIMATOLOGICAL DATA (WS FORM: F-6) , PAGE 2

                                          STATION:  CEDAR CITY UT
                                          MONTH:    APRIL
                                          YEAR:     2015
                                          LATITUDE:   37 42 N
                                          LONGITUDE: 113  6 W

[TEMPERATURE DATA]      [PRECIPITATION DATA]       SYMBOLS USED IN COLUMN 16

AVERAGE MONTHLY: 46.2   TOTAL FOR MONTH:   0.64    1 = FOG OR MIST
DPTR FM NORMAL:   0.2   DPTR FM NORMAL:   -0.30    2 = FOG REDUCING VISIBILITY
HIGHEST:    74 ON 13    GRTST 24HR  0.47 ON 24-25      TO 1/4 MILE OR LESS
LOWEST:     16 ON  3                               3 = THUNDER
                        SNOW, ICE PELLETS, HAIL    4 = ICE PELLETS
                        TOTAL MONTH:   0.0 INCH    5 = HAIL
                        GRTST 24HR     0.0         6 = FREEZING RAIN OR DRIZZLE
                        GRTST DEPTH:   0           7 = DUSTSTORM OR SANDSTORM:
                                                       VSBY 1/2 MILE OR LESS
                                                   8 = SMOKE OR HAZE
[NO. OF DAYS WITH]      [WEATHER - DAYS WITH]      9 = BLOWING SNOW
                                                   X = TORNADO
MAX 32 OR BELOW:   0    0.01 INCH OR MORE:   4
MAX 90 OR ABOVE:   0    0.10 INCH OR MORE:   3
MIN 32 OR BELOW:  15    0.50 INCH OR MORE:   0
MIN  0 OR BELOW:   0    1.00 INCH OR MORE:   0

[HDD (BASE 65) ]
TOTAL THIS MO.   482    CLEAR  (SCALE 0-3)  19
DPTR FM NORMAL   -12    PTCLDY (SCALE 4-7)   5
TOTAL FM JUL 1  4961    CLOUDY (SCALE 8-10)  2
DPTR FM NORMAL  -867

[CDD (BASE 65) ]
TOTAL THIS MO.     0
DPTR FM NORMAL     0    [PRESSURE DATA]
TOTAL FM JAN 1     0    HIGHEST SLP M ON M
DPTR FM NORMAL     0    LOWEST  SLP 29.57 ON M

[REMARKS]
