000
CXUS52 KCHS 250715
CF6CHS
PRELIMINARY LOCAL CLIMATOLOGICAL DATA (WS FORM: F-6)

                                          STATION:   NORTH CHARLESTON SC
                                          MONTH:     APRIL
                                          YEAR:      2015
                                          LATITUDE:   32 54 N
                                          LONGITUDE:  80  2 W

  TEMPERATURE IN F:       :PCPN:    SNOW:  WIND      :SUNSHINE: SKY     :PK WND
================================================================================
1   2   3   4   5  6A  6B    7    8   9   10  11  12  13   14  15   16   17  18
                                     12Z  AVG MX 2MIN
DY MAX MIN AVG DEP HDD CDD  WTR  SNW DPTH SPD SPD DIR MIN PSBL S-S WX    SPD DR
================================================================================

 1  70  58  64   2   1   0 0.08  0.0    0  9.5 18 120   M    M   6 1      24 100
 2  76  57  67   5   0   2 0.00  0.0    0 10.3 18 160   M    M   4        25 140
 3  84  60  72  10   0   7 0.00  0.0    0  9.7 20 200   M    M   5 1       M  M
 4  78  55  67   5   0   2    T  0.0    0 11.0 20  30   M    M   5        25 220
 5  71  47  59  -3   6   0 0.00  0.0    0  9.0 18  90   M    M   4        24  60
 6  78  57  68   5   0   3 0.00  0.0    0  7.6 18 140   M    M   7        25 140
 7  83  59  71   8   0   6 0.00  0.0    0  4.0 12 140   M    M   6 1      16 160
 8  87  64  76  13   0  11 0.00  0.0    0  6.4 17 190   M    M   5         M  M
 9  85  66  76  13   0  11 0.00  0.0    0 10.7 22 210   M    M   3         M  M
10  84  65  75  11   0  10 0.00  0.0    0 10.6 21 210   M    M   5        25 220
11  80  60  70   6   0   5 0.15  0.0    0  5.3 16  90   M    M   6        21 100
12  78  56  67   3   0   2 0.13  0.0    0  8.4 22 110   M    M   7 1      28 100
13  80  66  73   9   0   8 0.34  0.0    0  7.5 20 130   M    M   8 1      24 100
14  84  69  77  13   0  12 0.05  0.0    0  6.9 18 210   M    M   7 1      29 200
15  80  59  70   5   0   5 0.29  0.0    0  8.6 22  90   M    M   7 1      26  80
16  62  54  58  -7   7   0 0.01  0.0    0 10.2 16 360   M    M  10 1      21  30
17  73  60  67   2   0   2 0.03  0.0    0  5.8 13  10   M    M  10 1      14 350
18  76  66  71   6   0   6 0.45  0.0    0  3.8 13 130   M    M   8 18     15 120
19  77  64  71   5   0   6 0.46  0.0    0  6.3 23 270   M    M   8 13     31 250
20  77  63  70   4   0   5 0.00  0.0    0  9.1 18 240   M    M   7 1      22 240
21  78  58  68   2   0   3 0.00  0.0    0   M   M   M   M    M   2         M  M
22  81  55  68   2   0   3 0.00  0.0    0  9.1 23 190   M    M   1        26 190
23  83  61  72   6   0   7 0.00  0.0    0  8.4 20 330   M    M   4        25 270
24  73  55  64  -3   1   0 0.00  0.0    0  8.2 20  30   M    M   2        25  50
================================================================================
SM 1878 1434        15 116  1.99     0.0 186.4          M      137
================================================================================
AV 78.2 59.8                               8.1 FASTST   M    M   6    MAX(MPH)
                                 MISC ---->  # 23 270               # 31  250
================================================================================
NOTES:
# LAST OF SEVERAL OCCURRENCES

COLUMN 17 PEAK WIND IN M.P.H.

PRELIMINARY LOCAL CLIMATOLOGICAL DATA (WS FORM: F-6) , PAGE 2

                                          STATION:  NORTH CHARLESTON SC
                                          MONTH:    APRIL
                                          YEAR:     2015
                                          LATITUDE:   32 54 N
                                          LONGITUDE:  80  2 W

[TEMPERATURE DATA]      [PRECIPITATION DATA]       SYMBOLS USED IN COLUMN 16

AVERAGE MONTHLY: 69.0   TOTAL FOR MONTH:   1.99    1 = FOG OR MIST
DPTR FM NORMAL:   4.9   DPTR FM NORMAL:   -0.36    2 = FOG REDUCING VISIBILITY
HIGHEST:    87 ON  8    GRTST 24HR  0.47 ON 12-13      TO 1/4 MILE OR LESS
LOWEST:     47 ON  5                               3 = THUNDER
                        SNOW, ICE PELLETS, HAIL    4 = ICE PELLETS
                        TOTAL MONTH:   0.0 INCH    5 = HAIL
                        GRTST 24HR     0.0         6 = FREEZING RAIN OR DRIZZLE
                        GRTST DEPTH:   0           7 = DUSTSTORM OR SANDSTORM:
                                                       VSBY 1/2 MILE OR LESS
                                                   8 = SMOKE OR HAZE
[NO. OF DAYS WITH]      [WEATHER - DAYS WITH]      9 = BLOWING SNOW
                                                   X = TORNADO
MAX 32 OR BELOW:   0    0.01 INCH OR MORE:  10
MAX 90 OR ABOVE:   0    0.10 INCH OR MORE:   6
MIN 32 OR BELOW:   0    0.50 INCH OR MORE:   0
MIN  0 OR BELOW:   0    1.00 INCH OR MORE:   0

[HDD (BASE 65) ]
TOTAL THIS MO.    15    CLEAR  (SCALE 0-3)   4
DPTR FM NORMAL   -65    PTCLDY (SCALE 4-7)  17
TOTAL FM JUL 1  1935    CLOUDY (SCALE 8-10)  3
DPTR FM NORMAL   -20

[CDD (BASE 65) ]
TOTAL THIS MO.   116
DPTR FM NORMAL    56    [PRESSURE DATA]
TOTAL FM JAN 1   153    HIGHEST SLP M ON M
DPTR FM NORMAL    59    LOWEST  SLP 29.74 ON 20

[REMARKS]
