000
CXUS55 KEAX 260736
CF6EAX
PRELIMINARY LOCAL CLIMATOLOGICAL DATA (WS FORM: F-6)

                                          STATION:   Pleasant Hill NWS MO
                                          MONTH:     APRIL
                                          YEAR:      2015
                                          LATITUDE:   38 48 N
                                          LONGITUDE:  94 16 W

  TEMPERATURE IN F:       :PCPN:    SNOW:  WIND      :SUNSHINE: SKY     :PK WND
================================================================================
1   2   3   4   5  6A  6B    7    8   9   10  11  12  13   14  15   16   17  18
                                     12Z  AVG MX 2MIN
DY MAX MIN AVG DEP HDD CDD  WTR  SNW DPTH SPD SPD DIR MIN PSBL S-S WX    SPD DR
================================================================================

 1  78  52  65  16   0   0 0.00  0.0    0   M   M   M   0    0   0         0   0
 2  69  54  62  13   3   0 0.76  0.0    0   M   M   M   0    0   0 13      0   0
 3  55  36  46  -4  19   0 0.10  0.0    0   M   M   M   0    0   0 13      0   0
 4  61  27  44  -6  21   0 0.00  0.0    0   M   M   M   0    0   0         0   0
 5  61  39  50   0  15   0    T  0.0    0   M   M   M   0    0   0         0   0
 6  60  47  54   3  11   0 0.01  0.0    0   M   M   M   0    0   0         0   0
 7  81  51  66  15   0   1    T  0.0    0   M   M   M   0    0   0         0   0
 8  78  53  66  15   0   1 0.70  0.0    0   M   M   M   0    0   0         0   0
 9  74  39  57   5   8   0 0.05  0.0    0   M   M   M   0    0   0 3       0   0
10  67  36  52   0  13   0 0.00  0.0    0   M   M   M   0    0   0         0   0
11  70  47  59   7   6   0 0.00  0.0    0   M   M   M   0    0   0         0   0
12  66  50  58   5   7   0 0.72  0.0    0   M   M   M   0    0   0         0   0
13  65  53  59   6   6   0 1.02  0.0    0   M   M   M   0    0   0         0   0
14  69  49  59   6   6   0    T  0.0    0   M   M   M   0    0   0         0   0
15  60  48  54   0  11   0 0.08  0.0    0   M   M   M   0    0   0         0   0
16  73  49  61   7   4   0 0.00  0.0    0   M   M   M   0    0   0         0   0
17  78  56  67  13   0   2 0.00  0.0    0   M   M   M   0    0   0         0   0
18  64  56  60   5   5   0 0.62  0.0    0   M   M   M   0    0   0         0   0
19  69  48  59   4   6   0 0.11  0.0    0   M   M   M   0    0   0         0   0
20  58  43  51  -4  14   0 0.00  0.0    0   M   M   M   0    0   0         0   0
21  68  43  56   0   9   0 0.00  0.0    0   M   M   M   0    0   0         0   0
22  56  38  47  -9  18   0 0.00  0.0    0   M   M   M   0    0   0         0   0
23  66  38  52  -4  13   0 0.00  0.0    0   M   M   M   0    0   0         0   0
24  65  51  58   1   7   0 0.09  0.0    0   M   M   M   0    0   0 3       0   0
25  64  48  56  -1   9   0 0.34  0.0    0   M   M   M   0    0   0 3       0   0
================================================================================
SM 1675 1151       211   4  4.60     0.0     M            0      0
================================================================================
AV 67.0 46.0                                 M FASTST    0   0   0    MAX(MPH)
                                 MISC ---->     M   M               #  0    0
================================================================================
NOTES:
# LAST OF SEVERAL OCCURRENCES

COLUMN 17 PEAK WIND IN M.P.H.

PRELIMINARY LOCAL CLIMATOLOGICAL DATA (WS FORM: F-6) , PAGE 2

                                          STATION:  Pleasant Hill NWS MO
                                          MONTH:    APRIL
                                          YEAR:     2015
                                          LATITUDE:   38 48 N
                                          LONGITUDE:  94 16 W

[TEMPERATURE DATA]      [PRECIPITATION DATA]       SYMBOLS USED IN COLUMN 16

AVERAGE MONTHLY: 56.5   TOTAL FOR MONTH:   4.60    1 = FOG OR MIST
DPTR FM NORMAL:   3.5   DPTR FM NORMAL:    1.37    2 = FOG REDUCING VISIBILITY
HIGHEST:    81 ON  7    GRTST 24HR  1.02 ON 13-13      TO 1/4 MILE OR LESS
LOWEST:     27 ON  4                               3 = THUNDER
                        SNOW, ICE PELLETS, HAIL    4 = ICE PELLETS
                        TOTAL MONTH:   0.0 INCH    5 = HAIL
                        GRTST 24HR     0.0         6 = FREEZING RAIN OR DRIZZLE
                        GRTST DEPTH:   0           7 = DUSTSTORM OR SANDSTORM:
                                                       VSBY 1/2 MILE OR LESS
                                                   8 = SMOKE OR HAZE
[NO. OF DAYS WITH]      [WEATHER - DAYS WITH]      9 = BLOWING SNOW
                                                   X = TORNADO
MAX 32 OR BELOW:   0    0.01 INCH OR MORE:  12
MAX 90 OR ABOVE:   0    0.10 INCH OR MORE:   8
MIN 32 OR BELOW:   1    0.50 INCH OR MORE:   5
MIN  0 OR BELOW:   0    1.00 INCH OR MORE:   1

[HDD (BASE 65) ]
TOTAL THIS MO.   211    CLEAR  (SCALE 0-3)  25
DPTR FM NORMAL   -96    PTCLDY (SCALE 4-7)   0
TOTAL FM JUL 1  4969    CLOUDY (SCALE 8-10)  0
DPTR FM NORMAL   -30

[CDD (BASE 65) ]
TOTAL THIS MO.     4
DPTR FM NORMAL     0    [PRESSURE DATA]
TOTAL FM JAN 1     4    HIGHEST SLP  0.00 ON M
DPTR FM NORMAL    -1    LOWEST  SLP  0.00 ON M

[REMARKS]
