000
CXUS54 KSHV 011300
CF6ELD
PRELIMINARY LOCAL CLIMATOLOGICAL DATA (WS FORM: F-6)

                                          STATION:   EL DORADO
                                          MONTH:     MARCH
                                          YEAR:      2015
                                          LATITUDE:   33 13 N
                                          LONGITUDE:  92 49 W

  TEMPERATURE IN F:       :PCPN:    SNOW:  WIND      :SUNSHINE: SKY     :PK WND
================================================================================
1   2   3   4   5  6A  6B    7    8   9   10  11  12  13   14  15   16   17  18
                                     12Z  AVG MX 2MIN
DY MAX MIN AVG DEP HDD CDD  WTR  SNW DPTH SPD SPD DIR MIN PSBL S-S WX    SPD DR
================================================================================

 1  41  33  37 -15  28   0 0.77  0.0    0  5.6 10  50   M    M  10 1      14  20
 2  41  37  39 -13  26   0 0.07  0.0    0  8.1 15  40   M    M  10 1      20  30
 3  65  37  51  -1  14   0 0.26  0.0    0  3.2 14 180   M    M  10 12     17 190
 4  71  32  52   0  13   0 0.48    T    0 11.0 23  40   M    M  10 16     32  50
 5  39  23  31 -22  34   0    M  0.7    1  9.2 24 350   M    M   4 146    34 330
 6  48  19  34 -19  31   0 0.00  0.0    0  1.7  9 350   M    M   0        12 360
 7  63  24  44  -9  21   0 0.00  0.0    0  1.2 10 230   M    M   1        13 200
 8  48  43  46  -8  19   0 0.81  0.0    0  3.5 12 160   M    M  10 1      18 230
 9  54  46  50  -4  15   0 0.97  0.0    0  7.6 14  70   M    M  10 1      17  60
10  57  51  54   0  11   0    T  0.0    0  3.4 10 320   M    M  10 1      12 280
11  59  50  55   1  10   0 0.00  0.0    0  5.1 14  20   M    M   9        18  20
12  57  52  55   0  10   0 0.50  0.0    0  6.7 14  40   M    M  10 1      19  70
13  69  56  63   8   2   0 0.66  0.0    0  5.6 13 120   M    M  10 13     15 170
14  63  54  59   4   6   0 0.01  0.0    0  4.8 10  40   M    M  10 1      13  40
15  70  52  61   5   4   0 0.00  0.0    0  4.9 12  40   M    M   9 1      14  50
16  75  50  63   7   2   0 0.00  0.0    0  3.0 13 240   M    M   4 12     18 190
17  81  61  71  15   0   6 0.00  0.0    0  4.4 16  50   M    M   2        19  40
18  61  49  55  -1  10   0 0.88  0.0    0  6.6 16  40   M    M   8 1      21  40
19  56  47  52  -5  13   0 0.04  0.0    0  4.2  8  50   M    M  10 1      10  50
20  63  52  58   1   7   0 0.07  0.0    0  4.9 13 340   M    M  10 12     17 340
21  56  51  54  -3  11   0 0.57  0.0    0  5.8 14  50   M    M   9 1      18  50
22  58  50  54  -3  11   0 0.18  0.0    0  6.1 13 310   M    M   9 1      17 300
23  73  46  60   2   5   0 0.00  0.0    0  4.3 12  80   M    M   1 1      16  40
24  80  46  63   5   2   0 0.00  0.0    0  6.3 16 180   M    M   0 1      20 170
25  81  53  67   9   0   2 0.00  0.0    0  7.6 17 150   M    M   0        26 140
26  64  40  52  -6  13   0 0.10  0.0    0  5.7 25 340   M    M   6 13     35 350
27  66  36  51  -8  14   0 0.00  0.0    0  5.1 18 330   M    M   1        28 320
28  68  37  53  -6  12   0 0.00  0.0    0  7.1 21  50   M    M   2        25  50
29  82  41  62   3   3   0 0.00  0.0    0 10.0 20 210   M    M   2        26 200
30  77  57  67   8   0   2 0.00  0.0    0  3.6 15 200   M    M   6 1      22 190
31  80  57  69   9   0   4 0.00  0.0    0  7.4 17 190   M    M   5 1      24 180
================================================================================
SM 1966 1382       347  14  6.37     0.7 173.7          M      198
================================================================================
AV 63.4 44.6                               5.6 FASTST   M    M   6    MAX(MPH)
                                 MISC ---->  # 25 340               # 35  350
================================================================================
NOTES:
# LAST OF SEVERAL OCCURRENCES

COLUMN 17 PEAK WIND IN M.P.H.

PRELIMINARY LOCAL CLIMATOLOGICAL DATA (WS FORM: F-6) , PAGE 2

                                          STATION:  EL DORADO
                                          MONTH:    MARCH
                                          YEAR:     2015
                                          LATITUDE:   33 13 N
                                          LONGITUDE:  92 49 W

[TEMPERATURE DATA]      [PRECIPITATION DATA]       SYMBOLS USED IN COLUMN 16

AVERAGE MONTHLY: 54.0   TOTAL FOR MONTH:   6.37    1 = FOG OR MIST
DPTR FM NORMAL:  -1.8   DPTR FM NORMAL:    1.62    2 = FOG REDUCING VISIBILITY
HIGHEST:    82 ON 29    GRTST 24HR  0.97 ON  9- 9      TO 1/4 MILE OR LESS
LOWEST:     19 ON  6                               3 = THUNDER
                        SNOW, ICE PELLETS, HAIL    4 = ICE PELLETS
                        TOTAL MONTH:   0.7 INCH    5 = HAIL
                        GRTST 24HR   0.7 ON   M    6 = FREEZING RAIN OR DRIZZLE
                        GRTST DEPTH:   1 ON  5     7 = DUSTSTORM OR SANDSTORM:
                                                       VSBY 1/2 MILE OR LESS
                                                   8 = SMOKE OR HAZE
[NO. OF DAYS WITH]      [WEATHER - DAYS WITH]      9 = BLOWING SNOW
                                                   X = TORNADO
MAX 32 OR BELOW:   0    0.01 INCH OR MORE:  15
MAX 90 OR ABOVE:   0    0.10 INCH OR MORE:  11
MIN 32 OR BELOW:   4    0.50 INCH OR MORE:   7
MIN  0 OR BELOW:   0    1.00 INCH OR MORE:   0

[HDD (BASE 65) ]
TOTAL THIS MO.   347    CLEAR  (SCALE 0-3)   9
DPTR FM NORMAL    39    PTCLDY (SCALE 4-7)   5
TOTAL FM JUL 1  2833    CLOUDY (SCALE 8-10) 17
DPTR FM NORMAL   297

[CDD (BASE 65) ]
TOTAL THIS MO.    14
DPTR FM NORMAL    -8    [PRESSURE DATA]
TOTAL FM JAN 1    14    HIGHEST SLP 30.23 ON 28
DPTR FM NORMAL   -14    LOWEST  SLP 29.82 ON 25

[REMARKS]
#FINAL-03-15#
